{"id":890,"date":"2017-06-27T09:56:32","date_gmt":"2017-06-27T09:56:32","guid":{"rendered":"http:\/\/tauffer.hu\/?page_id=890"},"modified":"2026-02-18T14:46:09","modified_gmt":"2026-02-18T14:46:09","slug":"kovetkezo-konferenciank-tauffer-15","status":"publish","type":"page","link":"https:\/\/tauffer.hu\/","title":{"rendered":"25. Jubileumi Tauffer Vilmos Tov\u00e1bbk\u00e9pz\u0151 Konferencia a Mad\u00e1ch Sz\u00ednh\u00e1zban"},"content":{"rendered":"<p><strong>Egy\u00fctt a Magyar Sz\u00fcl\u00e9szet\u00e9rt! Egy\u00fctt a J\u00f6v\u0151 Gyermekei\u00e9rt!<\/strong><\/p>\n<p style=\"text-align: left;\"><strong>Id\u0151pont: 2026. \u00e1prilis 24. 08.00 &#8211; 15.00 \u00f3ra<\/strong><\/p>\n<p><strong>Helysz\u00edn: Mad\u00e1ch Sz\u00ednh\u00e1z (1073 Budapest, Erzs\u00e9bet krt. 29-33.)<\/strong><\/p>\n<p><strong><a href=\"https:\/\/tauffer.hu\/?attachment_id=1999\" rel=\"attachment wp-att-1999\"><img loading=\"lazy\" decoding=\"async\" class=\"alignnone  wp-image-1999\" src=\"https:\/\/tauffer.hu\/wp-content\/uploads\/2025\/12\/madacshmontage-300x61.jpg\" alt=\"\" width=\"723\" height=\"147\" srcset=\"https:\/\/tauffer.hu\/wp-content\/uploads\/2025\/12\/madacshmontage-300x61.jpg 300w, https:\/\/tauffer.hu\/wp-content\/uploads\/2025\/12\/madacshmontage-1024x207.jpg 1024w, https:\/\/tauffer.hu\/wp-content\/uploads\/2025\/12\/madacshmontage-768x155.jpg 768w, https:\/\/tauffer.hu\/wp-content\/uploads\/2025\/12\/madacshmontage-1536x311.jpg 1536w, https:\/\/tauffer.hu\/wp-content\/uploads\/2025\/12\/madacshmontage-2048x414.jpg 2048w\" sizes=\"auto, (max-width: 723px) 100vw, 723px\" \/><\/a><\/strong><\/p>\n<p><strong>Szakdolgoz\u00f3k sz\u00e1m\u00e1ra:<\/strong> OKF\u0150 nyilv\u00e1ntart\u00e1sba v\u00e9teli sz\u00e1m: <strong>SZTK-A-80899\/2025<\/strong> (a v\u00e9d\u0151n\u0151i ell\u00e1t\u00e1s 12, a sz\u00fcl\u00e9szeti ell\u00e1t\u00e1s 11, a feln\u0151tt \u00e1pol\u00e1s \u00e9s gondoz\u00e1s 1, \u00e9s a gyermek\u00e1pol\u00e1s \u00e9s gondoz\u00e1s 2 szakmacsoportok sz\u00e1m\u00e1ra);<\/p>\n<p>Kreditpont \u00e9rt\u00e9k szakdolgoz\u00f3k sz\u00e1m\u00e1ra: <strong>20 pont<\/strong><\/p>\n<p><strong>Orvosok sz\u00e1m\u00e1ra:<\/strong> OFTEX k\u00f3d (sz\u00fcl\u00e9szet-n\u0151gy\u00f3gy\u00e1szat, csecsem\u0151 \u00e9s gyermekgy\u00f3gy\u00e1szat, neonatol\u00f3gia, gyermek- \u00e9s ifj\u00fas\u00e1g pszichi\u00e1tria, n\u0151gy\u00f3gy\u00e1szati daganatseb\u00e9szet, b\u0151rgy\u00f3gy\u00e1szat): <strong>SE-SZTOK\/2026.I.\/00292<\/strong>;<\/p>\n<p>Kreditpont \u00e9rt\u00e9k orvosok sz\u00e1m\u00e1ra: <strong>16 pont\u00a0<\/strong><\/p>\n<p><strong>Regisztr\u00e1ci\u00f3s d\u00edj: 6000 Ft. Egyetemi hallgat\u00f3k sz\u00e1m\u00e1ra: 3000 Ft.<\/strong><\/p>\n<p>\u00a0Magyarorsz\u00e1gon az elm\u00falt \u00e9vekben egyre cs\u00f6kken a sz\u00fclet\u00e9sek sz\u00e1ma. Napjainkban az elhal\u00e1loz\u00e1s m\u00e9rt\u00e9ke meghaladja a kisbab\u00e1k sz\u00fclet\u00e9s\u00e9t, \u00edgy folyamatosan cs\u00f6kken haz\u00e1nk n\u00e9pess\u00e9ge. A cs\u00f6kken\u00e9s ok\u00e1t kielemezve t\u00f6bb t\u00e9nyez\u0151 is tal\u00e1lhat\u00f3, amely hozz\u00e1j\u00e1rul a magyar n\u00e9p sz\u00e1m\u00e1nak cs\u00f6kken\u00e9s\u00e9hez. Az egyik ok az elm\u00falt \u00e9vek okozta bizonytalan j\u00f6v\u0151k\u00e9p. \u00c9let\u00fcnk sz\u0171kebb \u00e9s t\u00e1gabb k\u00f6rnyezet\u00e9ben napr\u00f3l napra v\u00e1ltozik, folyamatosan \u00fajabb probl\u00e9m\u00e1k \u00e9s feladatok ker\u00fclnek napirendre. A neh\u00e9z tervezhet\u0151s\u00e9g miatt sok fiatal f\u00e9l a csal\u00e1dalap\u00edt\u00e1st\u00f3l, a gyermeknevel\u00e9ssel j\u00e1r\u00f3 kiad\u00e1sokt\u00f3l, k\u00f6t\u00f6tts\u00e9gekt\u0151l. A m\u00e1sik ok a f\u00e9lelem, amely a babav\u00e1r\u00e1s \u00e9s a sz\u00fcl\u00e9s k\u00f6r\u00fcli eg\u00e9szs\u00e9g\u00fcgyi sz\u00f6v\u0151dm\u00e9nyekkel kapcsolatban alakul ki. Szakmai programunkkal az el\u0151z\u0151 t\u00e9nyez\u0151kben nem tudunk seg\u00edteni, de a m\u00e1sodik okban igen.\u00a0 \u00a0 Konferenci\u00e1nk szeretne hozz\u00e1j\u00e1rulni a magyar fiatal csal\u00e1dok gyakrabban el\u0151fordul\u00f3 a csal\u00e1dalap\u00edt\u00e1shoz kapcsol\u00f3d\u00f3 eg\u00e9szs\u00e9g\u00fcgyi probl\u00e9m\u00e1inak megold\u00e1s\u00e1hoz. A gyermektervez\u00e9s, a babav\u00e1r\u00e1s, \u00e9s a sz\u00fcl\u00e9s sor\u00e1n fell\u00e9p\u0151 esetleges kock\u00e1zatokat, probl\u00e9m\u00e1kat \u00e9s megold\u00e1saikat t\u00e1rgyaljuk 2026-os rendezv\u00e9ny\u00fcnk alkalm\u00e1val. Szeretn\u00e9nk t\u00e1mogatni a m\u00e1r sz\u00fcl\u0151v\u00e9 v\u00e1lt fiatalokat is.\u00a0<\/p>\n<p><strong>El\u0151ad\u00e1sok:\u00a0<\/strong><\/p>\n<ul>\n<li>Term\u00e9kenys\u00e9gtudatoss\u00e1g (Dr. Sz\u00f6ll\u0151si Katalin Ph.D)<\/li>\n<li>A praeeclampsia el\u0151rejelz\u00e9s\u00e9nek, diagn\u00f3zis\u00e1nak \u00e9s kezel\u00e9s\u00e9nek \u00faj megk\u00f6zel\u00edt\u00e9sei\u00a0 (Prof. Dr. Rig\u00f3 J\u00e1nos)<\/li>\n<li>V\u00e1rand\u00f3sgondoz\u00e1s \u00e9s nemi betegs\u00e9gek &#8211; HIV \u00e9s connatalis szifilis (Dr. Melczer Zsolt Ph.D)<\/li>\n<li>N\u0151gy\u00f3gy\u00e1szati daganatok kezel\u00e9se \u00e9s a v\u00e1rand\u00f3ss\u00e1g &#8211; robotseb\u00e9szeti esetekkel (Dr. Kerepesi Judit \/Dr. Nov\u00e1k Zolt\u00e1n Ph.D)<\/li>\n<li>A HPV sz\u0171r\u00e9s helyzete Magyarorsz\u00e1gon (Dr. Koiss R\u00f3bert Ph.D)<\/li>\n<li>Sz\u00fcl\u00e9s\u00e9lm\u00e9ny &#8211; Elv\u00e1r\u00e1s? (Dr. Vass R\u00e9ka Ph.D )<\/li>\n<li>A sz\u00fcl\u00e9s\u00e9lm\u00e9ny \u00e9s a gyermekv\u00e1llal\u00e1si hajland\u00f3s\u00e1g k\u00f6z\u00f6tti \u00f6sszef\u00fcgg\u00e9sek vizsg\u00e1lata (Dr. Kov\u00e1cs Zsuzsanna Ph.D)<\/li>\n<li>\u00daj szeml\u00e9let a CTG leletek \u00e9rt\u00e9kel\u00e9s\u00e9ben (Dr. Borj\u00e1n Eszter Ph.D)<\/li>\n<li>Gyermekkori mobil-, illetve digit\u00e1lis eszk\u00f6zhaszn\u00e1lat (Dr. Pet\u0151 R\u00e9ka Ph.D)<\/li>\n<\/ul>\n<p><strong>A konferencia el\u0151ad\u00e1sprogramj\u00e1hoz a sz\u00ednh\u00e1z el\u0151ter\u00e9ben eg\u00e9szs\u00e9g\u00fcgyi szakki\u00e1ll\u00edt\u00e1s is t\u00e1rsul.<\/strong><\/p>\n<p><a href=\"https:\/\/tauffer.hu\/?attachment_id=1947\" rel=\"attachment wp-att-1947\"><img loading=\"lazy\" decoding=\"async\" class=\"alignnone  wp-image-1947\" src=\"https:\/\/tauffer.hu\/wp-content\/uploads\/2025\/07\/szinhazi-szimbolum-300x254.jpg\" alt=\"\" width=\"191\" height=\"162\" srcset=\"https:\/\/tauffer.hu\/wp-content\/uploads\/2025\/07\/szinhazi-szimbolum-300x254.jpg 300w, https:\/\/tauffer.hu\/wp-content\/uploads\/2025\/07\/szinhazi-szimbolum.jpg 447w\" sizes=\"auto, (max-width: 191px) 100vw, 191px\" \/><\/a><\/p>\n<p>A konferenci\u00e1t k\u00f6vet\u0151en a Mad\u00e1ch Sz\u00ednh\u00e1z el\u0151ad\u00e1s\u00e1ban 16 \u00f3rai kezdettel megtekinthet\u0151 a Pretty Woman c\u00edm\u0171 musical el\u0151ad\u00e1sa. (Minden id\u0151k egyik legkedveltebb romantikus t\u00f6rt\u00e9nete, az ikonikus film siker\u00e9hez m\u00e9lt\u00f3, musicalk\u00e9nt sz\u00fcletik \u00fajj\u00e1 a Mad\u00e1ch Sz\u00ednh\u00e1z sz\u00ednpad\u00e1n.) Az el\u0151ad\u00e1sra b\u00e1rki vehet jegyet. <strong>A konferencia regisztr\u00e1ci\u00f3s d\u00edja nem tartalmazza a sz\u00ednh\u00e1zjegy \u00e1r\u00e1t! <\/strong><\/p>\n<p><strong>A sz\u00ednh\u00e1z jegy megv\u00e1s\u00e1rolhat\u00f3 ezen a hivatalos linken, illetve a Mad\u00e1ch Sz\u00ednh\u00e1z jegyv\u00e1s\u00e1rl\u00f3 oldal\u00e1n: <\/strong><\/p>\n<p><a href=\"https:\/\/madach.jegy.hu\/program\/pretty-woman-micsoda-no-147440\/1354923\"><strong>Sz\u00ednh\u00e1zjegy v\u00e1s\u00e1rl\u00e1s<\/strong><\/a><\/p>\n<p><a href=\"https:\/\/tauffer.hu\/wp-content\/uploads\/2026\/01\/Jelentkezesi_lap_Szakdolgozok_Tauffer_2026_aprilis.doc\">A konferenci\u00e1ra sz\u00f3l\u00f3 szakdolgoz\u00f3i jelentkez\u00e9si lap itt let\u00f6lthet\u0151.<\/a><\/p>\n<p><a href=\"https:\/\/tauffer.hu\/wp-content\/uploads\/2026\/01\/Jelentkezesi_lap_Orvosok_2026_aprilis.doc\">A konferenci\u00e1ra sz\u00f3l\u00f3 orvosi jelentkez\u00e9si lap itt let\u00f6lthet\u0151.<\/a><\/p>\n<p><a href=\"https:\/\/tauffer.hu\/wp-content\/uploads\/2026\/01\/Hallgatoi_Jelentkezesi_lap_Tauffer25_2026_aprilis.doc\">A hallgatoi_jelentkezesi_lap_itt let\u00f6lthet\u0151.<\/a><\/p>\n<p><strong>A kit\u00f6lt\u00f6tt jelentkez\u00e9si lapokat a dr.magolga@tauffer.hu e-mail c\u00edmre k\u00fcldj\u00e9k el!<\/strong><\/p>\n<p>Szeretettel v\u00e1rjuk \u00d6n\u00f6ket a 25. Jubileumi Tauffer Vilmos Tov\u00e1bbk\u00e9pz\u0151 Konferenci\u00e1n \u00e9s az azt k\u00f6vet\u0151 Mad\u00e1ch Sz\u00ednh\u00e1zi el\u0151ad\u00e1son.<\/p>\n<p>K\u00f6sz\u00f6nettel \u00e9s \u00fcdv\u00f6zlettel:<\/p>\n<p><strong>A Tauffer Vilmos Tov\u00e1bbk\u00e9pz\u0151 &#8211; \u00e9s az Egy\u00fctt a Magyar Sz\u00fcl\u00e9szet\u00e9rt Konferenci\u00e1k Szervez\u0151 Csapata<\/strong><\/p>\n<p><a href=\"https:\/\/tauffer.hu\/?attachment_id=2004\" rel=\"attachment wp-att-2004\"><img loading=\"lazy\" decoding=\"async\" class=\"alignnone  wp-image-2004\" src=\"https:\/\/tauffer.hu\/wp-content\/uploads\/2025\/12\/Kozos-logo-300x168.jpg\" alt=\"\" width=\"229\" height=\"128\" srcset=\"https:\/\/tauffer.hu\/wp-content\/uploads\/2025\/12\/Kozos-logo-300x168.jpg 300w, https:\/\/tauffer.hu\/wp-content\/uploads\/2025\/12\/Kozos-logo-1024x573.jpg 1024w, https:\/\/tauffer.hu\/wp-content\/uploads\/2025\/12\/Kozos-logo-768x430.jpg 768w, https:\/\/tauffer.hu\/wp-content\/uploads\/2025\/12\/Kozos-logo-1536x860.jpg 1536w, https:\/\/tauffer.hu\/wp-content\/uploads\/2025\/12\/Kozos-logo.jpg 1647w\" sizes=\"auto, (max-width: 229px) 100vw, 229px\" \/><\/a><\/p>\n<p>&nbsp;<\/p>\n\n\n<p><\/p>\n\n\n\n<p><\/p>\n\n\n\n<p><\/p>\n","protected":false},"excerpt":{"rendered":"<p>Egy\u00fctt a Magyar Sz\u00fcl\u00e9szet\u00e9rt! Egy\u00fctt a J\u00f6v\u0151 Gyermekei\u00e9rt! Id\u0151pont: 2026. \u00e1prilis 24. 08.00 &#8211; 15.00 \u00f3ra Helysz\u00edn: Mad\u00e1ch Sz\u00ednh\u00e1z (1073 Budapest, Erzs\u00e9bet krt. 29-33.) Szakdolgoz\u00f3k sz\u00e1m\u00e1ra: OKF\u0150 nyilv\u00e1ntart\u00e1sba v\u00e9teli sz\u00e1m: SZTK-A-80899\/2025 (a v\u00e9d\u0151n\u0151i ell\u00e1t\u00e1s 12, a sz\u00fcl\u00e9szeti ell\u00e1t\u00e1s 11, a &hellip; <a href=\"https:\/\/tauffer.hu\/\">Continue reading <span class=\"meta-nav\">&rarr;<\/span><\/a><\/p>\n","protected":false},"author":1,"featured_media":0,"parent":0,"menu_order":0,"comment_status":"closed","ping_status":"closed","template":"","meta":{"footnotes":""},"class_list":["post-890","page","type-page","status-publish","hentry"],"_links":{"self":[{"href":"https:\/\/tauffer.hu\/index.php?rest_route=\/wp\/v2\/pages\/890","targetHints":{"allow":["GET"]}}],"collection":[{"href":"https:\/\/tauffer.hu\/index.php?rest_route=\/wp\/v2\/pages"}],"about":[{"href":"https:\/\/tauffer.hu\/index.php?rest_route=\/wp\/v2\/types\/page"}],"author":[{"embeddable":true,"href":"https:\/\/tauffer.hu\/index.php?rest_route=\/wp\/v2\/users\/1"}],"replies":[{"embeddable":true,"href":"https:\/\/tauffer.hu\/index.php?rest_route=%2Fwp%2Fv2%2Fcomments&post=890"}],"version-history":[{"count":305,"href":"https:\/\/tauffer.hu\/index.php?rest_route=\/wp\/v2\/pages\/890\/revisions"}],"predecessor-version":[{"id":2020,"href":"https:\/\/tauffer.hu\/index.php?rest_route=\/wp\/v2\/pages\/890\/revisions\/2020"}],"wp:attachment":[{"href":"https:\/\/tauffer.hu\/index.php?rest_route=%2Fwp%2Fv2%2Fmedia&parent=890"}],"curies":[{"name":"wp","href":"https:\/\/api.w.org\/{rel}","templated":true}]}}

25. Jubileumi Tauffer Vilmos Továbbképző Konferencia a Madách Színházban

<p><strong>Együtt a Magyar Szülészetért! Együtt a Jövő Gyermekeiért!</strong></p>
<p style="text-align: left;"><strong>Időpont: 2026. április 24. 08.00 &#8211; 15.00 óra</strong></p>
<p><strong>Helyszín: Madách Színház (1073 Budapest, Erzsébet krt. 29-33.)</strong></p>
<p><strong><a href="https://tauffer.hu/?attachment_id=1999" rel="attachment wp-att-1999"><img loading="lazy" decoding="async" class="alignnone  wp-image-1999" src="https://tauffer.hu/wp-content/uploads/2025/12/madacshmontage-300x61.jpg" alt="" width="723" height="147" srcset="https://tauffer.hu/wp-content/uploads/2025/12/madacshmontage-300x61.jpg 300w, https://tauffer.hu/wp-content/uploads/2025/12/madacshmontage-1024x207.jpg 1024w, https://tauffer.hu/wp-content/uploads/2025/12/madacshmontage-768x155.jpg 768w, https://tauffer.hu/wp-content/uploads/2025/12/madacshmontage-1536x311.jpg 1536w, https://tauffer.hu/wp-content/uploads/2025/12/madacshmontage-2048x414.jpg 2048w" sizes="auto, (max-width: 723px) 100vw, 723px" /></a></strong></p>
<p><strong>Szakdolgozók számára:</strong> OKFŐ nyilvántartásba vételi szám: <strong>SZTK-A-80899/2025</strong> (a védőnői ellátás 12, a szülészeti ellátás 11, a felnőtt ápolás és gondozás 1, és a gyermekápolás és gondozás 2 szakmacsoportok számára);</p>
<p>Kreditpont érték szakdolgozók számára: <strong>20 pont</strong></p>
<p><strong>Orvosok számára:</strong> OFTEX kód (szülészet-nőgyógyászat, csecsemő és gyermekgyógyászat, neonatológia, gyermek- és ifjúság pszichiátria, nőgyógyászati daganatsebészet, bőrgyógyászat): <strong>SE-SZTOK/2026.I./00292</strong>;</p>
<p>Kreditpont érték orvosok számára: <strong>16 pont </strong></p>
<p><strong>Regisztrációs díj: 6000 Ft. Egyetemi hallgatók számára: 3000 Ft.</strong></p>
<p> Magyarországon az elmúlt években egyre csökken a születések száma. Napjainkban az elhalálozás mértéke meghaladja a kisbabák születését, így folyamatosan csökken hazánk népessége. A csökkenés okát kielemezve több tényező is található, amely hozzájárul a magyar nép számának csökkenéséhez. Az egyik ok az elmúlt évek okozta bizonytalan jövőkép. Életünk szűkebb és tágabb környezetében napról napra változik, folyamatosan újabb problémák és feladatok kerülnek napirendre. A nehéz tervezhetőség miatt sok fiatal fél a családalapítástól, a gyermekneveléssel járó kiadásoktól, kötöttségektől. A másik ok a félelem, amely a babavárás és a szülés körüli egészségügyi szövődményekkel kapcsolatban alakul ki. Szakmai programunkkal az előző tényezőkben nem tudunk segíteni, de a második okban igen.    Konferenciánk szeretne hozzájárulni a magyar fiatal családok gyakrabban előforduló a családalapításhoz kapcsolódó egészségügyi problémáinak megoldásához. A gyermektervezés, a babavárás, és a szülés során fellépő esetleges kockázatokat, problémákat és megoldásaikat tárgyaljuk 2026-os rendezvényünk alkalmával. Szeretnénk támogatni a már szülővé vált fiatalokat is. </p>
<p><strong>Előadások: </strong></p>
<ul>
<li>Termékenységtudatosság (Dr. Szöllősi Katalin Ph.D)</li>
<li>A praeeclampsia előrejelzésének, diagnózisának és kezelésének új megközelítései  (Prof. Dr. Rigó János)</li>
<li>Várandósgondozás és nemi betegségek &#8211; HIV és connatalis szifilis (Dr. Melczer Zsolt Ph.D)</li>
<li>Nőgyógyászati daganatok kezelése és a várandósság &#8211; robotsebészeti esetekkel (Dr. Kerepesi Judit /Dr. Novák Zoltán Ph.D)</li>
<li>A HPV szűrés helyzete Magyarországon (Dr. Koiss Róbert Ph.D)</li>
<li>Szülésélmény &#8211; Elvárás? (Dr. Vass Réka Ph.D )</li>
<li>A szülésélmény és a gyermekvállalási hajlandóság közötti összefüggések vizsgálata (Dr. Kovács Zsuzsanna Ph.D)</li>
<li>Új szemlélet a CTG leletek értékelésében (Dr. Borján Eszter Ph.D)</li>
<li>Gyermekkori mobil-, illetve digitális eszközhasználat (Dr. Pető Réka Ph.D)</li>
</ul>
<p><strong>A konferencia előadásprogramjához a színház előterében egészségügyi szakkiállítás is társul.</strong></p>
<p><a href="https://tauffer.hu/?attachment_id=1947" rel="attachment wp-att-1947"><img loading="lazy" decoding="async" class="alignnone  wp-image-1947" src="https://tauffer.hu/wp-content/uploads/2025/07/szinhazi-szimbolum-300x254.jpg" alt="" width="191" height="162" srcset="https://tauffer.hu/wp-content/uploads/2025/07/szinhazi-szimbolum-300x254.jpg 300w, https://tauffer.hu/wp-content/uploads/2025/07/szinhazi-szimbolum.jpg 447w" sizes="auto, (max-width: 191px) 100vw, 191px" /></a></p>
<p>A konferenciát követően a Madách Színház előadásában 16 órai kezdettel megtekinthető a Pretty Woman című musical előadása. (Minden idők egyik legkedveltebb romantikus története, az ikonikus film sikeréhez méltó, musicalként születik újjá a Madách Színház színpadán.) Az előadásra bárki vehet jegyet. <strong>A konferencia regisztrációs díja nem tartalmazza a színházjegy árát! </strong></p>
<p><strong>A színház jegy megvásárolható ezen a hivatalos linken, illetve a Madách Színház jegyvásárló oldalán: </strong></p>
<p><a href="https://madach.jegy.hu/program/pretty-woman-micsoda-no-147440/1354923"><strong>Színházjegy vásárlás</strong></a></p>
<p><a href="https://tauffer.hu/wp-content/uploads/2026/01/Jelentkezesi_lap_Szakdolgozok_Tauffer_2026_aprilis.doc">A konferenciára szóló szakdolgozói jelentkezési lap itt letölthető.</a></p>
<p><a href="https://tauffer.hu/wp-content/uploads/2026/01/Jelentkezesi_lap_Orvosok_2026_aprilis.doc">A konferenciára szóló orvosi jelentkezési lap itt letölthető.</a></p>
<p><a href="https://tauffer.hu/wp-content/uploads/2026/01/Hallgatoi_Jelentkezesi_lap_Tauffer25_2026_aprilis.doc">A hallgatoi_jelentkezesi_lap_itt letölthető.</a></p>
<p><strong>A kitöltött jelentkezési lapokat a dr.magolga@tauffer.hu e-mail címre küldjék el!</strong></p>
<p>Szeretettel várjuk Önöket a 25. Jubileumi Tauffer Vilmos Továbbképző Konferencián és az azt követő Madách Színházi előadáson.</p>
<p>Köszönettel és üdvözlettel:</p>
<p><strong>A Tauffer Vilmos Továbbképző &#8211; és az Együtt a Magyar Szülészetért Konferenciák Szervező Csapata</strong></p>
<p><a href="https://tauffer.hu/?attachment_id=2004" rel="attachment wp-att-2004"><img loading="lazy" decoding="async" class="alignnone  wp-image-2004" src="https://tauffer.hu/wp-content/uploads/2025/12/Kozos-logo-300x168.jpg" alt="" width="229" height="128" srcset="https://tauffer.hu/wp-content/uploads/2025/12/Kozos-logo-300x168.jpg 300w, https://tauffer.hu/wp-content/uploads/2025/12/Kozos-logo-1024x573.jpg 1024w, https://tauffer.hu/wp-content/uploads/2025/12/Kozos-logo-768x430.jpg 768w, https://tauffer.hu/wp-content/uploads/2025/12/Kozos-logo-1536x860.jpg 1536w, https://tauffer.hu/wp-content/uploads/2025/12/Kozos-logo.jpg 1647w" sizes="auto, (max-width: 229px) 100vw, 229px" /></a></p>
<p>&nbsp;</p>


<p></p>



<p></p>



<p></p>

<p>Együtt a Magyar Szülészetért! Együtt a Jövő Gyermekeiért! Időpont: 2026. április 24. 08.00 &#8211; 15.00 óra Helyszín: Madách Színház (1073 Budapest, Erzsébet krt. 29-33.) Szakdolgozók számára: OKFŐ nyilvántartásba vételi szám: SZTK-A-80899/2025 (a védőnői ellátás 12, a szülészeti ellátás 11, a &hellip; <a href="https://tauffer.hu/">Continue reading <span class="meta-nav">&rarr;</span></a></p>
