{"id":766,"date":"2016-10-05T10:29:04","date_gmt":"2016-10-05T10:29:04","guid":{"rendered":"http:\/\/tauffer.hu\/?page_id=766"},"modified":"2016-12-21T17:41:31","modified_gmt":"2016-12-21T17:41:31","slug":"tauffer-13","status":"publish","type":"page","link":"https:\/\/tauffer.hu\/?page_id=766","title":{"rendered":"Tauffer 13"},"content":{"rendered":"<p><strong>2016. december 16-\u00e1n a Budapesti Operettsz\u00ednh\u00e1z <\/strong>13. Tauffer Vilmos\u00a0Konferencia C\u00edme: <strong>V\u00e1rand\u00f3ss\u00e1g, csal\u00e1d, J\u00f6v\u0151<\/strong><\/p>\n<p><span style=\"text-decoration: underline;\"><strong>Szakmai el\u0151ad\u00f3ink, el\u0151ad\u00e1saink:<\/strong><\/span> <strong>Prof. Dr. R\u00e1k\u00f3czi Istv\u00e1n<\/strong>: A magzati sz\u00edvhangok intrapartum elektromos monitoriz\u00e1l\u00e1sa 2016., <strong>Csetneki Julianna: <\/strong>Felk\u00e9sz\u00edt\u00e9s, t\u00e1mogat\u00e1s szerepe a szoptat\u00e1s siker\u00e9ben, <strong>Prof. Dr. \u00c1cs N\u00e1ndor Phd: <\/strong>Cs\u00e1sz\u00e1rmetsz\u00e9s ut\u00e1ni h\u00fcvelyi sz\u00fcl\u00e9s,\u00a0<strong>Dr. Belics Zor\u00e1n: <\/strong>A m\u00e9hen k\u00edv\u00fcli terhess\u00e9g korai diagnosztik\u00e1ja \u00e9s kezel\u00e9se,\u00a0<strong>Dr. Cs\u00e1k\u00e1ny M. Gy\u00f6rgy PhD: <\/strong>Betegs\u00e9gek a v\u00e1rand\u00f3ss\u00e1g alatt, <strong>Andrek Andrea: <\/strong>B\u0151rkontaktusban a sz\u00fcl\u00e9s-sz\u00fclet\u00e9s ut\u00e1n, <strong>\u00c1rv\u00e1n\u00e9 Egri Csilla: <\/strong>A v\u00e9d\u0151n\u0151 prevent\u00edv feladatai a m\u00e9hnyakr\u00e1k kezel\u00e9s\u00e9ben.<\/p>\n<p>A konferencia kreditpontszerz\u0151, kredit\u00e9rt\u00e9ke: <strong>19 pont<\/strong>.<\/p>\n<!-- meta slider -->\n<div style=\"width: 100%; margin: 0 auto;\" class=\"metaslider metaslider-flex metaslider-790 ml-slider\">\n    <style type=\"text\/css\">\n        #metaslider_790.flexslider .slides li {margin-right: 5px !important;}\n    <\/style>\n    <div id=\"metaslider_container_790\">\n        <div id=\"metaslider_790\" class=\"flexslider\">\n            <ul class=\"slides\">\n                <li style=\"display: none;\"><a href=\"[metaslider id=790]\" target=\"_self\"><img loading=\"lazy\" decoding=\"async\" src=\"https:\/\/tauffer.hu\/wp-content\/uploads\/2016\/12\/Vonalk\u00f3dos-bel\u00e9ptet\u00e9s-320x250.jpg\" height=\"250\" width=\"320\" class=\"slider-790 slide-792\" \/><\/a><div class=\"caption-wrap\"><div class=\"caption\">Vonalk\u00f3dos bel\u00e9ptet\u00e9s<\/div><\/div><\/li>\n                <li style=\"display: none;\"><a href=\"[metaslider id=790]\" target=\"_self\"><img loading=\"lazy\" decoding=\"async\" src=\"https:\/\/tauffer.hu\/wp-content\/uploads\/2016\/12\/K\u00f6sz\u00f6nt\u01512-320x250.jpg\" height=\"250\" width=\"320\" class=\"slider-790 slide-793\" \/><\/a><div class=\"caption-wrap\"><div class=\"caption\">K\u00f6sz\u00f6nt\u0151<\/div><\/div><\/li>\n                <li style=\"display: none;\"><a href=\"[metaslider id=790]\" target=\"_self\"><img loading=\"lazy\" decoding=\"async\" src=\"https:\/\/tauffer.hu\/wp-content\/uploads\/2016\/12\/Ki\u00e1ll\u00edt\u00e1s-320x250.jpg\" height=\"250\" width=\"320\" class=\"slider-790 slide-794\" \/><\/a><div class=\"caption-wrap\"><div class=\"caption\">Ki\u00e1ll\u00edt\u00e1s<\/div><\/div><\/li>\n                <li style=\"display: none;\"><a href=\"[metaslider id=790]\" target=\"_self\"><img loading=\"lazy\" decoding=\"async\" src=\"https:\/\/tauffer.hu\/wp-content\/uploads\/2016\/12\/Richter-3-320x250.jpg\" height=\"250\" width=\"320\" class=\"slider-790 slide-795\" \/><\/a><div class=\"caption-wrap\"><div class=\"caption\">Ki\u00e1ll\u00edt\u00e1s<\/div><\/div><\/li>\n                <li style=\"display: none;\"><a href=\"[metaslider id=790]\" target=\"_self\"><img loading=\"lazy\" decoding=\"async\" src=\"https:\/\/tauffer.hu\/wp-content\/uploads\/2016\/12\/Trend-Direkt-2-320x250.jpg\" height=\"250\" width=\"320\" class=\"slider-790 slide-796\" \/><\/a><div class=\"caption-wrap\"><div class=\"caption\">Ki\u00e1ll\u00edt\u00e1s<\/div><\/div><\/li>\n                <li style=\"display: none;\"><a href=\"[metaslider id=790]\" target=\"_self\"><img loading=\"lazy\" decoding=\"async\" src=\"https:\/\/tauffer.hu\/wp-content\/uploads\/2016\/12\/El\u0151t\u00e9r-320x250.jpg\" height=\"250\" width=\"320\" class=\"slider-790 slide-797\" \/><\/a><div class=\"caption-wrap\"><div class=\"caption\">El\u0151t\u00e9r<\/div><\/div><\/li>\n                <li style=\"display: none;\"><a href=\"[metaslider id=790]\" target=\"_self\"><img loading=\"lazy\" decoding=\"async\" src=\"https:\/\/tauffer.hu\/wp-content\/uploads\/2016\/12\/Prof-Dr-\u00c1cs-N\u00e1ndor-3-320x250.jpg\" height=\"250\" width=\"320\" class=\"slider-790 slide-798\" \/><\/a><div class=\"caption-wrap\"><div class=\"caption\">El\u0151ad\u00e1s<\/div><\/div><\/li>\n                <li style=\"display: none;\"><a href=\"[metaslider id=790]\" target=\"_self\"><img loading=\"lazy\" decoding=\"async\" src=\"https:\/\/tauffer.hu\/wp-content\/uploads\/2016\/12\/Dr-Belics-3-320x250.jpg\" height=\"250\" width=\"320\" class=\"slider-790 slide-799\" \/><\/a><div class=\"caption-wrap\"><div class=\"caption\">El\u0151ad\u00e1s<\/div><\/div><\/li>\n                <li style=\"display: none;\"><a href=\"[metaslider id=790]\" target=\"_self\"><img loading=\"lazy\" decoding=\"async\" src=\"https:\/\/tauffer.hu\/wp-content\/uploads\/2016\/12\/Dr-Dezs\u0151fi-1-320x250.jpg\" height=\"250\" width=\"320\" class=\"slider-790 slide-800\" \/><\/a><div class=\"caption-wrap\"><div class=\"caption\">El\u0151ad\u00e1s<\/div><\/div><\/li>\n                <li style=\"display: none;\"><a href=\"[metaslider id=790]\" target=\"_self\"><img loading=\"lazy\" decoding=\"async\" src=\"https:\/\/tauffer.hu\/wp-content\/uploads\/2016\/12\/Peller-Anna-Peller-K\u00e1roly-320x250.jpg\" height=\"250\" width=\"320\" class=\"slider-790 slide-801\" \/><\/a><div class=\"caption-wrap\"><div class=\"caption\">M\u00e1gn\u00e1s Miska<\/div><\/div><\/li>\n            <\/ul>\n        <\/div>\n        \n    <\/div>\n    <script type=\"text\/javascript\">\n        var metaslider_790 = function($) {\n            $('#metaslider_790').flexslider({ \n                slideshowSpeed:1500,\n                animation:'slide',\n                controlNav:true,\n                directionNav:true,\n                pauseOnHover:true,\n                direction:'horizontal',\n                reverse:false,\n                animationSpeed:1500,\n                prevText:\"<\",\n                nextText:\">\",\n                easing:\"easeInOutSine\",\n                slideshow:false,\n                itemWidth:320,\n                minItems:1,\n                itemMargin:5,\n                useCSS:false\n            });\n        };\n        var timer_metaslider_790 = function() {\n            var slider = !window.jQuery ? window.setTimeout(timer_metaslider_790, 100) : !jQuery.isReady ? window.setTimeout(timer_metaslider_790, 100) : metaslider_790(window.jQuery);\n        };\n        timer_metaslider_790();\n    <\/script>\n<\/div>\n<!--\/\/ meta slider-->\n<p>&nbsp;<\/p>\n<p>&nbsp;<\/p>\n<p><a href=\"http:\/\/tauffer.hu\/wp-content\/uploads\/2016\/10\/budapesti-operettszinhaz-474-279-63575.jpg\">\u00a0<\/a><\/p>\n","protected":false},"excerpt":{"rendered":"<p>2016. december 16-\u00e1n a Budapesti Operettsz\u00ednh\u00e1z 13. Tauffer Vilmos\u00a0Konferencia C\u00edme: V\u00e1rand\u00f3ss\u00e1g, csal\u00e1d, J\u00f6v\u0151 Szakmai el\u0151ad\u00f3ink, el\u0151ad\u00e1saink: Prof. Dr. R\u00e1k\u00f3czi Istv\u00e1n: A magzati sz\u00edvhangok intrapartum elektromos monitoriz\u00e1l\u00e1sa 2016., Csetneki Julianna: Felk\u00e9sz\u00edt\u00e9s, t\u00e1mogat\u00e1s szerepe a szoptat\u00e1s siker\u00e9ben, Prof. Dr. \u00c1cs N\u00e1ndor Phd: &hellip; <a href=\"https:\/\/tauffer.hu\/?page_id=766\">Continue reading <span class=\"meta-nav\">&rarr;<\/span><\/a><\/p>\n","protected":false},"author":1,"featured_media":0,"parent":0,"menu_order":0,"comment_status":"closed","ping_status":"closed","template":"","meta":{"footnotes":""},"class_list":["post-766","page","type-page","status-publish","hentry"],"_links":{"self":[{"href":"https:\/\/tauffer.hu\/index.php?rest_route=\/wp\/v2\/pages\/766","targetHints":{"allow":["GET"]}}],"collection":[{"href":"https:\/\/tauffer.hu\/index.php?rest_route=\/wp\/v2\/pages"}],"about":[{"href":"https:\/\/tauffer.hu\/index.php?rest_route=\/wp\/v2\/types\/page"}],"author":[{"embeddable":true,"href":"https:\/\/tauffer.hu\/index.php?rest_route=\/wp\/v2\/users\/1"}],"replies":[{"embeddable":true,"href":"https:\/\/tauffer.hu\/index.php?rest_route=%2Fwp%2Fv2%2Fcomments&post=766"}],"version-history":[{"count":8,"href":"https:\/\/tauffer.hu\/index.php?rest_route=\/wp\/v2\/pages\/766\/revisions"}],"predecessor-version":[{"id":802,"href":"https:\/\/tauffer.hu\/index.php?rest_route=\/wp\/v2\/pages\/766\/revisions\/802"}],"wp:attachment":[{"href":"https:\/\/tauffer.hu\/index.php?rest_route=%2Fwp%2Fv2%2Fmedia&parent=766"}],"curies":[{"name":"wp","href":"https:\/\/api.w.org\/{rel}","templated":true}]}}