{"id":391,"date":"2014-09-20T10:24:35","date_gmt":"2014-09-20T10:24:35","guid":{"rendered":"http:\/\/tauffer.hu\/?page_id=391"},"modified":"2014-09-20T10:41:24","modified_gmt":"2014-09-20T10:41:24","slug":"profevents","status":"publish","type":"page","link":"https:\/\/tauffer.hu\/?page_id=391","title":{"rendered":"ProfEvents"},"content":{"rendered":"<p>Aj\u00e1nljuk figyelm\u00e9be a c\u00e9gcsoportunkba tartoz\u00f3 ProfEvents Kft. szakmai rendezv\u00e9nyeit is, melyekr\u0151l r\u00e9szletesen <a href=\"http:\/\/profevents.hu\">itt<\/a> olvashat.<\/p>\n","protected":false},"excerpt":{"rendered":"<p>Aj\u00e1nljuk figyelm\u00e9be a c\u00e9gcsoportunkba tartoz\u00f3 ProfEvents Kft. szakmai rendezv\u00e9nyeit is, melyekr\u0151l r\u00e9szletesen itt olvashat.<\/p>\n","protected":false},"author":1,"featured_media":0,"parent":0,"menu_order":0,"comment_status":"closed","ping_status":"closed","template":"","meta":{"footnotes":""},"class_list":["post-391","page","type-page","status-publish","hentry"],"_links":{"self":[{"href":"https:\/\/tauffer.hu\/index.php?rest_route=\/wp\/v2\/pages\/391","targetHints":{"allow":["GET"]}}],"collection":[{"href":"https:\/\/tauffer.hu\/index.php?rest_route=\/wp\/v2\/pages"}],"about":[{"href":"https:\/\/tauffer.hu\/index.php?rest_route=\/wp\/v2\/types\/page"}],"author":[{"embeddable":true,"href":"https:\/\/tauffer.hu\/index.php?rest_route=\/wp\/v2\/users\/1"}],"replies":[{"embeddable":true,"href":"https:\/\/tauffer.hu\/index.php?rest_route=%2Fwp%2Fv2%2Fcomments&post=391"}],"version-history":[{"count":3,"href":"https:\/\/tauffer.hu\/index.php?rest_route=\/wp\/v2\/pages\/391\/revisions"}],"predecessor-version":[{"id":395,"href":"https:\/\/tauffer.hu\/index.php?rest_route=\/wp\/v2\/pages\/391\/revisions\/395"}],"wp:attachment":[{"href":"https:\/\/tauffer.hu\/index.php?rest_route=%2Fwp%2Fv2%2Fmedia&parent=391"}],"curies":[{"name":"wp","href":"https:\/\/api.w.org\/{rel}","templated":true}]}}