{"id":1919,"date":"2025-07-21T14:46:09","date_gmt":"2025-07-21T14:46:09","guid":{"rendered":"https:\/\/tauffer.hu\/?page_id=1919"},"modified":"2025-07-21T15:01:41","modified_gmt":"2025-07-21T15:01:41","slug":"tauffer-2024","status":"publish","type":"page","link":"https:\/\/tauffer.hu\/?page_id=1919","title":{"rendered":"Tauffer 2024."},"content":{"rendered":"\n<p><a href=\"https:\/\/tauffer.hu\/?page_id=1829\">22. Tauffer <\/a>&#8211; Egy\u00fctt a Magyar Sz\u00fcl\u00e9szet\u00e9rt 2024. Konferencia<\/p>\n\n\n\n<p>Helysz\u00edn: Budapesti Operettsz\u00ednh\u00e1z; Id\u0151pont: 2024. \u00e1prilis 26.<\/p>\n\n\n\n<p><a href=\"https:\/\/tauffer.hu\/?page_id=1901\">23. Tauffer<\/a> &#8211; Egy\u00fctt a Magyar Sz\u00fcl\u00e9szet\u00e9rt 2024. \u00dcnnepi Konferencia<\/p>\n\n\n\n<p>Helysz\u00edn: Orsz\u00e1gh\u00e1z &#8211; Fels\u0151h\u00e1zi Terem; Id\u0151pont: 2024. okt\u00f3ber 18.<\/p>\n\n\n\n<p><\/p>\n","protected":false},"excerpt":{"rendered":"<p>22. Tauffer &#8211; Egy\u00fctt a Magyar Sz\u00fcl\u00e9szet\u00e9rt 2024. Konferencia Helysz\u00edn: Budapesti Operettsz\u00ednh\u00e1z; Id\u0151pont: 2024. \u00e1prilis 26. 23. Tauffer &#8211; Egy\u00fctt a Magyar Sz\u00fcl\u00e9szet\u00e9rt 2024. \u00dcnnepi Konferencia Helysz\u00edn: Orsz\u00e1gh\u00e1z &#8211; Fels\u0151h\u00e1zi Terem; Id\u0151pont: 2024. okt\u00f3ber 18.<\/p>\n","protected":false},"author":1,"featured_media":0,"parent":0,"menu_order":0,"comment_status":"closed","ping_status":"closed","template":"","meta":{"footnotes":""},"class_list":["post-1919","page","type-page","status-publish","hentry"],"_links":{"self":[{"href":"https:\/\/tauffer.hu\/index.php?rest_route=\/wp\/v2\/pages\/1919","targetHints":{"allow":["GET"]}}],"collection":[{"href":"https:\/\/tauffer.hu\/index.php?rest_route=\/wp\/v2\/pages"}],"about":[{"href":"https:\/\/tauffer.hu\/index.php?rest_route=\/wp\/v2\/types\/page"}],"author":[{"embeddable":true,"href":"https:\/\/tauffer.hu\/index.php?rest_route=\/wp\/v2\/users\/1"}],"replies":[{"embeddable":true,"href":"https:\/\/tauffer.hu\/index.php?rest_route=%2Fwp%2Fv2%2Fcomments&post=1919"}],"version-history":[{"count":4,"href":"https:\/\/tauffer.hu\/index.php?rest_route=\/wp\/v2\/pages\/1919\/revisions"}],"predecessor-version":[{"id":1929,"href":"https:\/\/tauffer.hu\/index.php?rest_route=\/wp\/v2\/pages\/1919\/revisions\/1929"}],"wp:attachment":[{"href":"https:\/\/tauffer.hu\/index.php?rest_route=%2Fwp%2Fv2%2Fmedia&parent=1919"}],"curies":[{"name":"wp","href":"https:\/\/api.w.org\/{rel}","templated":true}]}}