{"id":1901,"date":"2025-07-21T11:36:22","date_gmt":"2025-07-21T11:36:22","guid":{"rendered":"https:\/\/tauffer.hu\/?page_id=1901"},"modified":"2025-07-21T14:57:54","modified_gmt":"2025-07-21T14:57:54","slug":"egyutt-a-magyar-szuleszetert-unnepi-konferencia-az-orszaghazban","status":"publish","type":"page","link":"https:\/\/tauffer.hu\/?page_id=1901","title":{"rendered":"Egy\u00fctt a Magyar Sz\u00fcl\u00e9szet\u00e9rt 2024. \u00dcnnepi Konferencia az Orsz\u00e1gh\u00e1zban"},"content":{"rendered":"\n<p><strong>Id\u0151pont: 2024. okt\u00f3ber 18. 10.00 &#8211; 13.00 \u00f3ra<\/strong><\/p>\n\n\n\n<p><strong>Helysz\u00edn: Orsz\u00e1gh\u00e1z Fels\u0151h\u00e1zi terem (1055 Budapest, Kossuth Lajos t\u00e9r 1-3.)<\/strong><\/p>\n\n\n\n<p>Bel\u00e9ptetet\u00e9s a H\u00e1zba: 9.00-9.45 k\u00f6z\u00f6tt (XI. \u00e9s XII. kapun\u00e1l)<\/p>\n\n\n\n<figure class=\"wp-block-image\"><a href=\"https:\/\/tauffer.hu\/?attachment_id=1836\"><img loading=\"lazy\" decoding=\"async\" width=\"300\" height=\"169\" src=\"https:\/\/tauffer.hu\/wp-content\/uploads\/2024\/08\/Orsz\u00e1gh\u00e1z-300x169.jpg\" alt=\"\" class=\"wp-image-1836\" srcset=\"https:\/\/tauffer.hu\/wp-content\/uploads\/2024\/08\/Orsz\u00e1gh\u00e1z-300x169.jpg 300w, https:\/\/tauffer.hu\/wp-content\/uploads\/2024\/08\/Orsz\u00e1gh\u00e1z-768x432.jpg 768w, https:\/\/tauffer.hu\/wp-content\/uploads\/2024\/08\/Orsz\u00e1gh\u00e1z-1024x576.jpg 1024w, https:\/\/tauffer.hu\/wp-content\/uploads\/2024\/08\/Orsz\u00e1gh\u00e1z.jpg 1919w\" sizes=\"auto, (max-width: 300px) 100vw, 300px\" \/><\/a><\/figure>\n\n\n\n<p><strong>Az \u00fcnnepi program a Kultur\u00e1lis \u00e9s Innov\u00e1ci\u00f3s Miniszt\u00e9rium t\u00e1mogat\u00e1s\u00e1nak k\u00f6sz\u00f6nhet\u0151en t\u00e9r\u00edt\u00e9smentes.<\/strong><\/p>\n\n\n\n<p><strong>El\u0151ad\u00e1sok:&nbsp;<\/strong><\/p>\n\n\n\n<ul class=\"wp-block-list\">\n<li>Negyven \u00e9ves a magyar csal\u00e1dk\u00f6zpont\u00fa sz\u00fcl\u00e9szet (Dr. Hagym\u00e1sy L\u00e1szl\u00f3 Ph.D)<\/li>\n\n\n\n<li>A sz\u00fcl\u00e9szn\u0151k\u00e9pz\u00e9s m\u00faltja, jelene \u00e9s j\u00f6v\u0151je haz\u00e1nkban (Prof. Dr. Rig\u00f3 J\u00e1nos)<\/li>\n\n\n\n<li>Term\u00e9szetes sz\u00fcl\u00e9s vs cs\u00e1sz\u00e1rsz\u00fcl\u00e9s. Az ide\u00e1lis ar\u00e1ny. (Dr. Melczer Zsolt Ph.D)<\/li>\n\n\n\n<li>Alternat\u00edv sz\u00fcl\u00e9si lehet\u0151s\u00e9gek &#8211; El\u0151t\u00e9rben az anya k\u00e9nyelme (Dr. \u00c1d\u00e1m Zsolt)<\/li>\n\n\n\n<li>A neonatol\u00f3gia sikerei \u00e9s eredm\u00e9nyei Magyarorsz\u00e1gon (Dr. Harmath \u00c1gnes Ph.D)<\/li>\n\n\n\n<li>Otthonsz\u00fcl\u00e9s k\u00f3rh\u00e1zban (Dr. B\u00e1lint Bal\u00e1zs )<\/li>\n\n\n\n<li>A kismam\u00e1k szoptat\u00e1si neh\u00e9zs\u00e9geinek t\u00e1mogat\u00e1sa (Gitidiszn\u00e9 Gyetv\u00e1n Krisztina)<\/li>\n\n\n\n<li>A v\u00e1rand\u00f3sgondoz\u00e1s t\u00f6rt\u00e9nete, fejl\u0151d\u00e9se az elm\u00falt 100 \u00e9vben (Dr. Pap K\u00e1roly)<\/li>\n\n\n\n<li>A v\u00e9d\u0151n\u0151k sz\u00ednes csal\u00e1dseg\u00edt\u0151 munk\u00e1ja (T\u00f6r\u00f6kn\u00e9 Rajtm\u00e1r Marianna)<\/li>\n<\/ul>\n\n\n\n<p><strong>Sajn\u00e1lattal t\u00e1j\u00e9koztatjuk, hogy a szabad helyek elfogytak erre a konferenci\u00e1nkra.<\/strong><\/p>\n\n\n\n<p><strong>Az Egy\u00fctt a Magyar Sz\u00fcl\u00e9szet\u00e9rt Konferencia Szervez\u0151k<\/strong><\/p>\n\n\n\n<p><strong>Az \u00c9letmin\u0151s\u00e9g\u00e9rt Alap\u00edtv\u00e1ny<\/strong><\/p>\n\n\n\n<figure class=\"wp-block-image is-resized\"><a href=\"https:\/\/tauffer.hu\/?attachment_id=1493\"><img loading=\"lazy\" decoding=\"async\" width=\"300\" height=\"249\" src=\"https:\/\/tauffer.hu\/wp-content\/uploads\/2022\/01\/EMSZ-log\u00f3-kocka-300x249.jpg\" alt=\"\" class=\"wp-image-1493\" style=\"width:149px;height:auto\" srcset=\"https:\/\/tauffer.hu\/wp-content\/uploads\/2022\/01\/EMSZ-log\u00f3-kocka-300x249.jpg 300w, https:\/\/tauffer.hu\/wp-content\/uploads\/2022\/01\/EMSZ-log\u00f3-kocka-1024x851.jpg 1024w, https:\/\/tauffer.hu\/wp-content\/uploads\/2022\/01\/EMSZ-log\u00f3-kocka.jpg 1238w\" sizes=\"auto, (max-width: 300px) 100vw, 300px\" \/><\/a><\/figure>\n\n\n\n<p>Szeretettel javasoljuk, hogy t\u00f6ltse le Csetneki Julianna sz\u00fcl\u00e9szn\u0151-szak\u00e9rt\u0151: <strong>Te is szoptass!<\/strong> c\u00edm\u0171 kiadv\u00e1ny\u00e1t, hogy ezzel is seg\u00edthessen kismam\u00e1inak.<\/p>\n\n\n\n<figure class=\"wp-block-image is-resized\"><img loading=\"lazy\" decoding=\"async\" width=\"725\" height=\"1024\" src=\"https:\/\/tauffer.hu\/wp-content\/uploads\/2023\/02\/Te-is-szoptass-kiadv\u00e1ny-\u00e9desany\u00e1knak-725x1024.jpg\" alt=\"\" class=\"wp-image-1655\" style=\"width:208px;height:294px\" srcset=\"https:\/\/tauffer.hu\/wp-content\/uploads\/2023\/02\/Te-is-szoptass-kiadv\u00e1ny-\u00e9desany\u00e1knak-725x1024.jpg 725w, https:\/\/tauffer.hu\/wp-content\/uploads\/2023\/02\/Te-is-szoptass-kiadv\u00e1ny-\u00e9desany\u00e1knak-212x300.jpg 212w, https:\/\/tauffer.hu\/wp-content\/uploads\/2023\/02\/Te-is-szoptass-kiadv\u00e1ny-\u00e9desany\u00e1knak-768x1085.jpg 768w, https:\/\/tauffer.hu\/wp-content\/uploads\/2023\/02\/Te-is-szoptass-kiadv\u00e1ny-\u00e9desany\u00e1knak.jpg 1240w\" sizes=\"auto, (max-width: 725px) 100vw, 725px\" \/><\/figure>\n","protected":false},"excerpt":{"rendered":"<p>Id\u0151pont: 2024. okt\u00f3ber 18. 10.00 &#8211; 13.00 \u00f3ra Helysz\u00edn: Orsz\u00e1gh\u00e1z Fels\u0151h\u00e1zi terem (1055 Budapest, Kossuth Lajos t\u00e9r 1-3.) Bel\u00e9ptetet\u00e9s a H\u00e1zba: 9.00-9.45 k\u00f6z\u00f6tt (XI. \u00e9s XII. kapun\u00e1l) Az \u00fcnnepi program a Kultur\u00e1lis \u00e9s Innov\u00e1ci\u00f3s Miniszt\u00e9rium t\u00e1mogat\u00e1s\u00e1nak k\u00f6sz\u00f6nhet\u0151en t\u00e9r\u00edt\u00e9smentes. El\u0151ad\u00e1sok:&nbsp; Sajn\u00e1lattal &hellip; <a href=\"https:\/\/tauffer.hu\/?page_id=1901\">Continue reading <span class=\"meta-nav\">&rarr;<\/span><\/a><\/p>\n","protected":false},"author":1,"featured_media":0,"parent":0,"menu_order":0,"comment_status":"closed","ping_status":"closed","template":"","meta":{"footnotes":""},"class_list":["post-1901","page","type-page","status-publish","hentry"],"_links":{"self":[{"href":"https:\/\/tauffer.hu\/index.php?rest_route=\/wp\/v2\/pages\/1901","targetHints":{"allow":["GET"]}}],"collection":[{"href":"https:\/\/tauffer.hu\/index.php?rest_route=\/wp\/v2\/pages"}],"about":[{"href":"https:\/\/tauffer.hu\/index.php?rest_route=\/wp\/v2\/types\/page"}],"author":[{"embeddable":true,"href":"https:\/\/tauffer.hu\/index.php?rest_route=\/wp\/v2\/users\/1"}],"replies":[{"embeddable":true,"href":"https:\/\/tauffer.hu\/index.php?rest_route=%2Fwp%2Fv2%2Fcomments&post=1901"}],"version-history":[{"count":5,"href":"https:\/\/tauffer.hu\/index.php?rest_route=\/wp\/v2\/pages\/1901\/revisions"}],"predecessor-version":[{"id":1927,"href":"https:\/\/tauffer.hu\/index.php?rest_route=\/wp\/v2\/pages\/1901\/revisions\/1927"}],"wp:attachment":[{"href":"https:\/\/tauffer.hu\/index.php?rest_route=%2Fwp%2Fv2%2Fmedia&parent=1901"}],"curies":[{"name":"wp","href":"https:\/\/api.w.org\/{rel}","templated":true}]}}

Együtt a Magyar Szülészetért 2024. Ünnepi Konferencia az Országházban

<p><strong>Időpont: 2024. október 18. 10.00 &#8211; 13.00 óra</strong></p>



<p><strong>Helyszín: Országház Felsőházi terem (1055 Budapest, Kossuth Lajos tér 1-3.)</strong></p>



<p>Beléptetetés a Házba: 9.00-9.45 között (XI. és XII. kapunál)</p>



<figure class="wp-block-image"><a href="https://tauffer.hu/?attachment_id=1836"><img loading="lazy" decoding="async" width="300" height="169" src="https://tauffer.hu/wp-content/uploads/2024/08/Országház-300x169.jpg" alt="" class="wp-image-1836" srcset="https://tauffer.hu/wp-content/uploads/2024/08/Országház-300x169.jpg 300w, https://tauffer.hu/wp-content/uploads/2024/08/Országház-768x432.jpg 768w, https://tauffer.hu/wp-content/uploads/2024/08/Országház-1024x576.jpg 1024w, https://tauffer.hu/wp-content/uploads/2024/08/Országház.jpg 1919w" sizes="auto, (max-width: 300px) 100vw, 300px" /></a></figure>



<p><strong>Az ünnepi program a Kulturális és Innovációs Minisztérium támogatásának köszönhetően térítésmentes.</strong></p>



<p><strong>Előadások:&nbsp;</strong></p>



<ul class="wp-block-list">
<li>Negyven éves a magyar családközpontú szülészet (Dr. Hagymásy László Ph.D)</li>



<li>A szülésznőképzés múltja, jelene és jövője hazánkban (Prof. Dr. Rigó János)</li>



<li>Természetes szülés vs császárszülés. Az ideális arány. (Dr. Melczer Zsolt Ph.D)</li>



<li>Alternatív szülési lehetőségek &#8211; Előtérben az anya kényelme (Dr. Ádám Zsolt)</li>



<li>A neonatológia sikerei és eredményei Magyarországon (Dr. Harmath Ágnes Ph.D)</li>



<li>Otthonszülés kórházban (Dr. Bálint Balázs )</li>



<li>A kismamák szoptatási nehézségeinek támogatása (Gitidiszné Gyetván Krisztina)</li>



<li>A várandósgondozás története, fejlődése az elmúlt 100 évben (Dr. Pap Károly)</li>



<li>A védőnők színes családsegítő munkája (Törökné Rajtmár Marianna)</li>
</ul>



<p><strong>Sajnálattal tájékoztatjuk, hogy a szabad helyek elfogytak erre a konferenciánkra.</strong></p>



<p><strong>Az Együtt a Magyar Szülészetért Konferencia Szervezők</strong></p>



<p><strong>Az Életminőségért Alapítvány</strong></p>



<figure class="wp-block-image is-resized"><a href="https://tauffer.hu/?attachment_id=1493"><img loading="lazy" decoding="async" width="300" height="249" src="https://tauffer.hu/wp-content/uploads/2022/01/EMSZ-logó-kocka-300x249.jpg" alt="" class="wp-image-1493" style="width:149px;height:auto" srcset="https://tauffer.hu/wp-content/uploads/2022/01/EMSZ-logó-kocka-300x249.jpg 300w, https://tauffer.hu/wp-content/uploads/2022/01/EMSZ-logó-kocka-1024x851.jpg 1024w, https://tauffer.hu/wp-content/uploads/2022/01/EMSZ-logó-kocka.jpg 1238w" sizes="auto, (max-width: 300px) 100vw, 300px" /></a></figure>



<p>Szeretettel javasoljuk, hogy töltse le Csetneki Julianna szülésznő-szakértő: <strong>Te is szoptass!</strong> című kiadványát, hogy ezzel is segíthessen kismamáinak.</p>



<figure class="wp-block-image is-resized"><img loading="lazy" decoding="async" width="725" height="1024" src="https://tauffer.hu/wp-content/uploads/2023/02/Te-is-szoptass-kiadvány-édesanyáknak-725x1024.jpg" alt="" class="wp-image-1655" style="width:208px;height:294px" srcset="https://tauffer.hu/wp-content/uploads/2023/02/Te-is-szoptass-kiadvány-édesanyáknak-725x1024.jpg 725w, https://tauffer.hu/wp-content/uploads/2023/02/Te-is-szoptass-kiadvány-édesanyáknak-212x300.jpg 212w, https://tauffer.hu/wp-content/uploads/2023/02/Te-is-szoptass-kiadvány-édesanyáknak-768x1085.jpg 768w, https://tauffer.hu/wp-content/uploads/2023/02/Te-is-szoptass-kiadvány-édesanyáknak.jpg 1240w" sizes="auto, (max-width: 725px) 100vw, 725px" /></figure>

<p>Időpont: 2024. október 18. 10.00 &#8211; 13.00 óra Helyszín: Országház Felsőházi terem (1055 Budapest, Kossuth Lajos tér 1-3.) Beléptetetés a Házba: 9.00-9.45 között (XI. és XII. kapunál) Az ünnepi program a Kulturális és Innovációs Minisztérium támogatásának köszönhetően térítésmentes. Előadások:&nbsp; Sajnálattal &hellip; <a href="https://tauffer.hu/?page_id=1901">Continue reading <span class="meta-nav">&rarr;</span></a></p>
