{"id":1829,"date":"2024-08-06T09:37:46","date_gmt":"2024-08-06T09:37:46","guid":{"rendered":"https:\/\/tauffer.hu\/?page_id=1829"},"modified":"2025-07-21T11:38:18","modified_gmt":"2025-07-21T11:38:18","slug":"egyutt-a-magyar-szuleszetert-2024-konferencia","status":"publish","type":"page","link":"https:\/\/tauffer.hu\/?page_id=1829","title":{"rendered":"Egy\u00fctt a Magyar Sz\u00fcl\u00e9szet\u00e9rt 2024. Konferencia az Operettsz\u00ednh\u00e1zban"},"content":{"rendered":"\n<p><strong>22.&nbsp; Tauffer Vilmos Tov\u00e1bbk\u00e9pz\u0151 Konferencia \u00e9s orvos-szakdolgoz\u00f3 tal\u00e1lkoz\u00f3&nbsp;<\/strong><\/p>\n\n\n\n<p><strong>&nbsp;2024. \u00e1prilis 26-\u00e1n a Budapesti Operettsz\u00ednh\u00e1zban megrendez\u00e9sre ker\u00fclt az Egy\u00fctt a Magyar Sz\u00fcl\u00e9szet\u00e9rt 2024. Konferenci\u00e1nk. El\u0151ad\u00f3inknak \u00e9s minden r\u00e9sztvev\u0151nek k\u00f6sz\u00f6nj\u00fck, hogy&nbsp; vel\u00fcnk voltak.&nbsp;<\/strong><\/p>\n\n\n\n<figure class=\"wp-block-image\"><a href=\"https:\/\/tauffer.hu\/?attachment_id=767\"><img loading=\"lazy\" decoding=\"async\" width=\"300\" height=\"176\" src=\"https:\/\/tauffer.hu\/wp-content\/uploads\/2016\/10\/budapesti-operettszinhaz-474-279-63575-300x176.jpg\" alt=\"\" class=\"wp-image-767\" srcset=\"https:\/\/tauffer.hu\/wp-content\/uploads\/2016\/10\/budapesti-operettszinhaz-474-279-63575-300x176.jpg 300w, https:\/\/tauffer.hu\/wp-content\/uploads\/2016\/10\/budapesti-operettszinhaz-474-279-63575.jpg 474w\" sizes=\"auto, (max-width: 300px) 100vw, 300px\" \/><\/a><\/figure>\n\n\n\n<p><strong>A szakmai program a Kultur\u00e1lis \u00e9s Innov\u00e1ci\u00f3s Miniszt\u00e9rium t\u00e1mogat\u00e1s\u00e1nak k\u00f6sz\u00f6nhet\u0151en t\u00e9r\u00edt\u00e9smentes volt.<\/strong><\/p>\n\n\n\n<p><strong>F\u0151v\u00e9dn\u00f6k: Hornung \u00c1gnes Csal\u00e1dok\u00e9rt Felel\u0151s \u00c1llamtitk\u00e1r<\/strong><\/p>\n\n\n\n<p><strong>A szakmai program nyilv\u00e1ntart\u00e1si sz\u00e1ma: SZTK-A-71654\/2023; Kredit \u00e9rt\u00e9ke az al\u00e1bbi szakdolgoz\u00f3k sz\u00e1m\u00e1ra: 20 pont<\/strong><\/p>\n\n\n\n<ul class=\"wp-block-list\"><li>Feln\u0151tt \u00e1pol\u00e1s \u00e9s gondoz\u00e1s szakmacsoport<\/li><li>Gyermek \u00e1pol\u00e1s \u00e9s gondoz\u00e1s szakmacsoport<\/li><li>S\u00fcrg\u0151ss\u00e9gi ell\u00e1t\u00e1s szakmacsoport<\/li><li>Sz\u00fcl\u00e9szeti ell\u00e1t\u00e1s szakmacsoport<\/li><li>V\u00e9d\u0151n\u0151i ell\u00e1t\u00e1s szakmacsoport<\/li><\/ul>\n\n\n\n<p><strong>Orvosok sz\u00e1m\u00e1ra: OFTEX k\u00f3d: 86881; Kredit \u00e9rt\u00e9k: 6 pont<\/strong><\/p>\n\n\n\n<p><strong>Szakmai program:<\/strong><\/p>\n\n\n\n<ul class=\"wp-block-list\"><li>A korszer\u0171 sz\u00fcl\u00e9szn\u0151k\u00e9pz\u00e9s f\u0151bb ir\u00e1nyvonalai (Prof. Dr. Rig\u00f3 J\u00e1nos)<\/li><li>HPV: F\u00f3kuszban a f\u00e9rfiak! (Dr. Melczer Zsolt Ph.D)<\/li><li>IVF kezel\u00e9s az \u00e1llami eg\u00e9szs\u00e9g\u00fcgyben (Dr. Vesztergom D\u00f3ra)<\/li><li>\u201cEgy\u00fctt a Magyar Sz\u00fcl\u00e9szet\u00e9rt \u2013 a ter\u00fcleti v\u00e9d\u0151n\u0151k szerepe, feladatai (Gitidiszn\u00e9 Gyetv\u00e1n Krisztina)<\/li><li>A m\u00e9hnyak ultrahang vizsg\u00e1lat\u00e1nak szerepe a v\u00e1rand\u00f3sgondoz\u00e1s sor\u00e1n (Dr. Szab\u00f3 G\u00e1bor Ph.D)<\/li><li>Arany\u00f3ra \u2013 j\u00f3t\u00e9kony hat\u00e1sok, az anya \u00e9s \u00fajsz\u00fcl\u00f6tt t\u00e1mogat\u00e1sa az \u00f6szt\u00f6n\u00f6s kilenc st\u00e1dium sor\u00e1n (Dr. V\u00e1rady Erzs\u00e9bet)<\/li><li>Ikrek szoptat\u00e1st\u00e1mogat\u00e1s\u00e1nak kih\u00edv\u00e1sai \u00e9s lehet\u0151s\u00e9gei (Dr. Dombi Anna Zs\u00f3fia)<\/li><li>&nbsp;Robotseb\u00e9szet a sz\u00fcl\u00e9szet-n\u0151gy\u00f3gy\u00e1szatban (Dr. Kerepesi Judit, Dr. Nov\u00e1k Zolt\u00e1n Ph.D)<\/li><\/ul>\n\n\n\n<p><strong>A szakmai programot k\u00f6vet\u0151en operett bemutat\u00f3t l\u00e1thattunk az operettsz\u00ednh\u00e1z m\u0171v\u00e9szeinek el\u0151ad\u00e1s\u00e1ban (Szerepl\u0151k: Luk\u00e1cs Anita, Bojtos Luca, Vad\u00e1sz Zsolt, D\u00e9nes Viktor, zongora k\u00eds\u00e9ret: Szekeres L\u00e1szl\u00f3).&nbsp;<\/strong><\/p>\n\n\n\n<figure class=\"wp-block-image\"><a href=\"https:\/\/tauffer.hu\/?attachment_id=1783\"><img decoding=\"async\" src=\"https:\/\/tauffer.hu\/wp-content\/uploads\/2024\/02\/let%C3%B6lt%C3%A9s.png\" alt=\"\" class=\"wp-image-1783\"\/><\/a><\/figure>\n\n\n\n<p><strong>Az Egy\u00fctt a Magyar Sz\u00fcl\u00e9szet\u00e9rt Konferencia Szervez\u0151k<\/strong><\/p>\n\n\n\n<p><strong>Az \u00c9letmin\u0151s\u00e9g\u00e9rt Alap\u00edtv\u00e1ny<\/strong><\/p>\n\n\n\n<figure class=\"wp-block-image\"><a href=\"https:\/\/tauffer.hu\/?attachment_id=1493\"><img decoding=\"async\" src=\"https:\/\/tauffer.hu\/wp-content\/uploads\/2022\/01\/EMSZ-log%C3%B3-kocka-300x249.jpg\" alt=\"\" class=\"wp-image-1493\"\/><\/a><\/figure>\n","protected":false},"excerpt":{"rendered":"<p>22.&nbsp; Tauffer Vilmos Tov\u00e1bbk\u00e9pz\u0151 Konferencia \u00e9s orvos-szakdolgoz\u00f3 tal\u00e1lkoz\u00f3&nbsp; &nbsp;2024. \u00e1prilis 26-\u00e1n a Budapesti Operettsz\u00ednh\u00e1zban megrendez\u00e9sre ker\u00fclt az Egy\u00fctt a Magyar Sz\u00fcl\u00e9szet\u00e9rt 2024. Konferenci\u00e1nk. El\u0151ad\u00f3inknak \u00e9s minden r\u00e9sztvev\u0151nek k\u00f6sz\u00f6nj\u00fck, hogy&nbsp; vel\u00fcnk voltak.&nbsp; A szakmai program a Kultur\u00e1lis \u00e9s Innov\u00e1ci\u00f3s Miniszt\u00e9rium t\u00e1mogat\u00e1s\u00e1nak &hellip; <a href=\"https:\/\/tauffer.hu\/?page_id=1829\">Continue reading <span class=\"meta-nav\">&rarr;<\/span><\/a><\/p>\n","protected":false},"author":1,"featured_media":0,"parent":0,"menu_order":0,"comment_status":"closed","ping_status":"closed","template":"","meta":{"footnotes":""},"class_list":["post-1829","page","type-page","status-publish","hentry"],"_links":{"self":[{"href":"https:\/\/tauffer.hu\/index.php?rest_route=\/wp\/v2\/pages\/1829","targetHints":{"allow":["GET"]}}],"collection":[{"href":"https:\/\/tauffer.hu\/index.php?rest_route=\/wp\/v2\/pages"}],"about":[{"href":"https:\/\/tauffer.hu\/index.php?rest_route=\/wp\/v2\/types\/page"}],"author":[{"embeddable":true,"href":"https:\/\/tauffer.hu\/index.php?rest_route=\/wp\/v2\/users\/1"}],"replies":[{"embeddable":true,"href":"https:\/\/tauffer.hu\/index.php?rest_route=%2Fwp%2Fv2%2Fcomments&post=1829"}],"version-history":[{"count":2,"href":"https:\/\/tauffer.hu\/index.php?rest_route=\/wp\/v2\/pages\/1829\/revisions"}],"predecessor-version":[{"id":1905,"href":"https:\/\/tauffer.hu\/index.php?rest_route=\/wp\/v2\/pages\/1829\/revisions\/1905"}],"wp:attachment":[{"href":"https:\/\/tauffer.hu\/index.php?rest_route=%2Fwp%2Fv2%2Fmedia&parent=1829"}],"curies":[{"name":"wp","href":"https:\/\/api.w.org\/{rel}","templated":true}]}}

Együtt a Magyar Szülészetért 2024. Konferencia az Operettszínházban

<p><strong>22.&nbsp; Tauffer Vilmos Továbbképző Konferencia és orvos-szakdolgozó találkozó&nbsp;</strong></p>



<p><strong>&nbsp;2024. április 26-án a Budapesti Operettszínházban megrendezésre került az Együtt a Magyar Szülészetért 2024. Konferenciánk. Előadóinknak és minden résztvevőnek köszönjük, hogy&nbsp; velünk voltak.&nbsp;</strong></p>



<figure class="wp-block-image"><a href="https://tauffer.hu/?attachment_id=767"><img loading="lazy" decoding="async" width="300" height="176" src="https://tauffer.hu/wp-content/uploads/2016/10/budapesti-operettszinhaz-474-279-63575-300x176.jpg" alt="" class="wp-image-767" srcset="https://tauffer.hu/wp-content/uploads/2016/10/budapesti-operettszinhaz-474-279-63575-300x176.jpg 300w, https://tauffer.hu/wp-content/uploads/2016/10/budapesti-operettszinhaz-474-279-63575.jpg 474w" sizes="auto, (max-width: 300px) 100vw, 300px" /></a></figure>



<p><strong>A szakmai program a Kulturális és Innovációs Minisztérium támogatásának köszönhetően térítésmentes volt.</strong></p>



<p><strong>Fővédnök: Hornung Ágnes Családokért Felelős Államtitkár</strong></p>



<p><strong>A szakmai program nyilvántartási száma: SZTK-A-71654/2023; Kredit értéke az alábbi szakdolgozók számára: 20 pont</strong></p>



<ul class="wp-block-list"><li>Felnőtt ápolás és gondozás szakmacsoport</li><li>Gyermek ápolás és gondozás szakmacsoport</li><li>Sürgősségi ellátás szakmacsoport</li><li>Szülészeti ellátás szakmacsoport</li><li>Védőnői ellátás szakmacsoport</li></ul>



<p><strong>Orvosok számára: OFTEX kód: 86881; Kredit érték: 6 pont</strong></p>



<p><strong>Szakmai program:</strong></p>



<ul class="wp-block-list"><li>A korszerű szülésznőképzés főbb irányvonalai (Prof. Dr. Rigó János)</li><li>HPV: Fókuszban a férfiak! (Dr. Melczer Zsolt Ph.D)</li><li>IVF kezelés az állami egészségügyben (Dr. Vesztergom Dóra)</li><li>“Együtt a Magyar Szülészetért – a területi védőnők szerepe, feladatai (Gitidiszné Gyetván Krisztina)</li><li>A méhnyak ultrahang vizsgálatának szerepe a várandósgondozás során (Dr. Szabó Gábor Ph.D)</li><li>Aranyóra – jótékony hatások, az anya és újszülött támogatása az ösztönös kilenc stádium során (Dr. Várady Erzsébet)</li><li>Ikrek szoptatástámogatásának kihívásai és lehetőségei (Dr. Dombi Anna Zsófia)</li><li>&nbsp;Robotsebészet a szülészet-nőgyógyászatban (Dr. Kerepesi Judit, Dr. Novák Zoltán Ph.D)</li></ul>



<p><strong>A szakmai programot követően operett bemutatót láthattunk az operettszínház művészeinek előadásában (Szereplők: Lukács Anita, Bojtos Luca, Vadász Zsolt, Dénes Viktor, zongora kíséret: Szekeres László).&nbsp;</strong></p>



<figure class="wp-block-image"><a href="https://tauffer.hu/?attachment_id=1783"><img decoding="async" src="https://tauffer.hu/wp-content/uploads/2024/02/let%C3%B6lt%C3%A9s.png" alt="" class="wp-image-1783"/></a></figure>



<p><strong>Az Együtt a Magyar Szülészetért Konferencia Szervezők</strong></p>



<p><strong>Az Életminőségért Alapítvány</strong></p>



<figure class="wp-block-image"><a href="https://tauffer.hu/?attachment_id=1493"><img decoding="async" src="https://tauffer.hu/wp-content/uploads/2022/01/EMSZ-log%C3%B3-kocka-300x249.jpg" alt="" class="wp-image-1493"/></a></figure>

<p>22.&nbsp; Tauffer Vilmos Továbbképző Konferencia és orvos-szakdolgozó találkozó&nbsp; &nbsp;2024. április 26-án a Budapesti Operettszínházban megrendezésre került az Együtt a Magyar Szülészetért 2024. Konferenciánk. Előadóinknak és minden résztvevőnek köszönjük, hogy&nbsp; velünk voltak.&nbsp; A szakmai program a Kulturális és Innovációs Minisztérium támogatásának &hellip; <a href="https://tauffer.hu/?page_id=1829">Continue reading <span class="meta-nav">&rarr;</span></a></p>
