{"id":169,"date":"2014-04-07T09:59:35","date_gmt":"2014-04-07T09:59:35","guid":{"rendered":"http:\/\/tauffer.hu\/?page_id=169"},"modified":"2014-04-11T11:21:32","modified_gmt":"2014-04-11T11:21:32","slug":"tauffer-04","status":"publish","type":"page","link":"https:\/\/tauffer.hu\/?page_id=169","title":{"rendered":"Tauffer 04"},"content":{"rendered":"<p><b><i>V\u00e1rand\u00f3sgondoz\u00e1s Baranya 2014. Konferencia &#8211;<\/i><\/b><strong>Tauffer 04 tov\u00e1bbk\u00e9pz\u00e9s <\/strong>2014. m\u00e1rcius 7. &#8211;\u00a0 Tud\u00e1sk\u00f6zpont-P\u00e9cs<\/p>\n<p>Tanfolyam nyilv\u00e1ntart\u00e1si sz\u00e1ma: 42743\/2013. ,\u00a0 Kreditpont \u00e9rt\u00e9k: 15<\/p>\n<!-- meta slider -->\n<div style=\"width: 100%; margin: 0 auto;\" class=\"metaslider metaslider-flex metaslider-281 ml-slider\">\n    <style type=\"text\/css\">\n        #metaslider_281.flexslider .slides li {margin-right: 5px !important;}\n    <\/style>\n    <div id=\"metaslider_container_281\">\n        <div id=\"metaslider_281\" class=\"flexslider\">\n            <ul class=\"slides\">\n                <li style=\"display: none;\"><img loading=\"lazy\" decoding=\"async\" src=\"https:\/\/tauffer.hu\/wp-content\/uploads\/2014\/04\/Bel\u00e9ptet\u00e9s-el\u0151tt1-320x250.jpg\" height=\"250\" width=\"320\" class=\"slider-281 slide-282\" \/><div class=\"caption-wrap\"><div class=\"caption\">Bel\u00e9ptet\u00e9s el\u0151tt<\/div><\/div><\/li>\n                <li style=\"display: none;\"><img loading=\"lazy\" decoding=\"async\" src=\"https:\/\/tauffer.hu\/wp-content\/uploads\/2014\/04\/Eisberg-sal\u00e1t\u00e1k1-320x250.jpg\" height=\"250\" width=\"320\" class=\"slider-281 slide-283\" \/><div class=\"caption-wrap\"><div class=\"caption\">Eisberg sal\u00e1ta<\/div><\/div><\/li>\n                <li style=\"display: none;\"><img loading=\"lazy\" decoding=\"async\" src=\"https:\/\/tauffer.hu\/wp-content\/uploads\/2014\/04\/Eisberg-sal\u00e1t\u00e1k2-320x250.jpg\" height=\"250\" width=\"320\" class=\"slider-281 slide-284\" \/><div class=\"caption-wrap\"><div class=\"caption\">Eisberg sal\u00e1ta<\/div><\/div><\/li>\n                <li style=\"display: none;\"><img loading=\"lazy\" decoding=\"async\" src=\"https:\/\/tauffer.hu\/wp-content\/uploads\/2014\/04\/El\u0151ad\u00f3-teremben13-320x250.jpg\" height=\"250\" width=\"320\" class=\"slider-281 slide-285\" \/><div class=\"caption-wrap\"><div class=\"caption\">El\u0151ad\u00f3 teremben<\/div><\/div><\/li>\n                <li style=\"display: none;\"><img loading=\"lazy\" decoding=\"async\" src=\"https:\/\/tauffer.hu\/wp-content\/uploads\/2014\/04\/El\u0151ad\u00f3ink_Phytotec-Hung\u00e1ria-320x250.jpg\" height=\"250\" width=\"320\" class=\"slider-281 slide-286\" \/><div class=\"caption-wrap\"><div class=\"caption\">El\u0151ad\u00f3ink - Phytotec Hung\u00e1ria<\/div><\/div><\/li>\n                <li style=\"display: none;\"><img loading=\"lazy\" decoding=\"async\" src=\"https:\/\/tauffer.hu\/wp-content\/uploads\/2014\/04\/El\u0151ad\u00f3ink_Prof.-Dr.-B\u00f3dis-J\u00f3zsef-320x250.jpg\" height=\"250\" width=\"320\" class=\"slider-281 slide-287\" \/><div class=\"caption-wrap\"><div class=\"caption\">El\u0151ad\u00f3ink - Prof. Dr. B\u00f3dis J\u00f3zsef<\/div><\/div><\/li>\n                <li style=\"display: none;\"><img loading=\"lazy\" decoding=\"async\" src=\"https:\/\/tauffer.hu\/wp-content\/uploads\/2014\/04\/Ki\u00e1ll\u00edt\u00f3in_Ganoderma-k\u00e1v\u00e9-320x250.jpg\" height=\"250\" width=\"320\" class=\"slider-281 slide-288\" \/><div class=\"caption-wrap\"><div class=\"caption\">Ganoderma k\u00e1v\u00e9<\/div><\/div><\/li>\n                <li style=\"display: none;\"><img loading=\"lazy\" decoding=\"async\" src=\"https:\/\/tauffer.hu\/wp-content\/uploads\/2014\/04\/Ki\u00e1ll\u00edt\u00f3ink3-320x250.jpg\" height=\"250\" width=\"320\" class=\"slider-281 slide-289\" \/><div class=\"caption-wrap\"><div class=\"caption\">Ki\u00e1ll\u00edt\u00f3ink<\/div><\/div><\/li>\n                <li style=\"display: none;\"><img loading=\"lazy\" decoding=\"async\" src=\"https:\/\/tauffer.hu\/wp-content\/uploads\/2014\/04\/Ki\u00e1ll\u00edt\u00f3ink_Bioderma-320x250.jpg\" height=\"250\" width=\"320\" class=\"slider-281 slide-290\" \/><div class=\"caption-wrap\"><div class=\"caption\">Ki\u00e1ll\u00edt\u00f3ink Bioderma<\/div><\/div><\/li>\n                <li style=\"display: none;\"><img loading=\"lazy\" decoding=\"async\" src=\"https:\/\/tauffer.hu\/wp-content\/uploads\/2014\/04\/Ki\u00e1ll\u00edt\u00f3ink_Biodrema2-320x250.jpg\" height=\"250\" width=\"320\" class=\"slider-281 slide-291\" \/><div class=\"caption-wrap\"><div class=\"caption\">Ki\u00e1ll\u00edt\u00f3ink Bioderma<\/div><\/div><\/li>\n                <li style=\"display: none;\"><img loading=\"lazy\" decoding=\"async\" src=\"https:\/\/tauffer.hu\/wp-content\/uploads\/2014\/04\/Ki\u00e1ll\u00edt\u00f3ink_LadeePharma-320x250.jpg\" height=\"250\" width=\"320\" class=\"slider-281 slide-292\" \/><div class=\"caption-wrap\"><div class=\"caption\">Ki\u00e1ll\u00edt\u00f3ink - LadeePharma<\/div><\/div><\/li>\n                <li style=\"display: none;\"><img loading=\"lazy\" decoding=\"async\" src=\"https:\/\/tauffer.hu\/wp-content\/uploads\/2014\/04\/Ki\u00e1ll\u00edt\u00f3ink_Phytotec-Hung\u00e1ria-320x250.jpg\" height=\"250\" width=\"320\" class=\"slider-281 slide-293\" \/><div class=\"caption-wrap\"><div class=\"caption\">Ki\u00e1ll\u00edt\u00f3ink - Phytotec Hung\u00e1ria<\/div><\/div><\/li>\n                <li style=\"display: none;\"><img loading=\"lazy\" decoding=\"async\" src=\"https:\/\/tauffer.hu\/wp-content\/uploads\/2014\/04\/Vonalk\u00f3dos-bel\u00e9ptet\u00e9s1-320x250.jpg\" height=\"250\" width=\"320\" class=\"slider-281 slide-294\" \/><div class=\"caption-wrap\"><div class=\"caption\">Vonalk\u00f3dos bel\u00e9ptet\u00e9s<\/div><\/div><\/li>\n            <\/ul>\n        <\/div>\n        \n    <\/div>\n    <script type=\"text\/javascript\">\n        var metaslider_281 = function($) {\n            $('#metaslider_281').flexslider({ \n                slideshowSpeed:1500,\n                animation:'slide',\n                controlNav:true,\n                directionNav:true,\n                pauseOnHover:true,\n                direction:'horizontal',\n                reverse:false,\n                animationSpeed:1500,\n                prevText:\"<\",\n                nextText:\">\",\n                easing:\"easeInOutSine\",\n                slideshow:false,\n                itemWidth:320,\n                minItems:1,\n                itemMargin:5,\n                useCSS:false\n            });\n        };\n        var timer_metaslider_281 = function() {\n            var slider = !window.jQuery ? window.setTimeout(timer_metaslider_281, 100) : !jQuery.isReady ? window.setTimeout(timer_metaslider_281, 100) : metaslider_281(window.jQuery);\n        };\n        timer_metaslider_281();\n    <\/script>\n<\/div>\n<!--\/\/ meta slider-->\n","protected":false},"excerpt":{"rendered":"<p>V\u00e1rand\u00f3sgondoz\u00e1s Baranya 2014. Konferencia &#8211;Tauffer 04 tov\u00e1bbk\u00e9pz\u00e9s 2014. m\u00e1rcius 7. &#8211;\u00a0 Tud\u00e1sk\u00f6zpont-P\u00e9cs Tanfolyam nyilv\u00e1ntart\u00e1si sz\u00e1ma: 42743\/2013. ,\u00a0 Kreditpont \u00e9rt\u00e9k: 15<\/p>\n","protected":false},"author":1,"featured_media":0,"parent":0,"menu_order":0,"comment_status":"closed","ping_status":"closed","template":"","meta":{"footnotes":""},"class_list":["post-169","page","type-page","status-publish","hentry"],"_links":{"self":[{"href":"https:\/\/tauffer.hu\/index.php?rest_route=\/wp\/v2\/pages\/169","targetHints":{"allow":["GET"]}}],"collection":[{"href":"https:\/\/tauffer.hu\/index.php?rest_route=\/wp\/v2\/pages"}],"about":[{"href":"https:\/\/tauffer.hu\/index.php?rest_route=\/wp\/v2\/types\/page"}],"author":[{"embeddable":true,"href":"https:\/\/tauffer.hu\/index.php?rest_route=\/wp\/v2\/users\/1"}],"replies":[{"embeddable":true,"href":"https:\/\/tauffer.hu\/index.php?rest_route=%2Fwp%2Fv2%2Fcomments&post=169"}],"version-history":[{"count":3,"href":"https:\/\/tauffer.hu\/index.php?rest_route=\/wp\/v2\/pages\/169\/revisions"}],"predecessor-version":[{"id":295,"href":"https:\/\/tauffer.hu\/index.php?rest_route=\/wp\/v2\/pages\/169\/revisions\/295"}],"wp:attachment":[{"href":"https:\/\/tauffer.hu\/index.php?rest_route=%2Fwp%2Fv2%2Fmedia&parent=169"}],"curies":[{"name":"wp","href":"https:\/\/api.w.org\/{rel}","templated":true}]}}