{"id":160,"date":"2014-04-07T09:54:29","date_gmt":"2014-04-07T09:54:29","guid":{"rendered":"http:\/\/tauffer.hu\/?page_id=160"},"modified":"2014-04-11T11:02:19","modified_gmt":"2014-04-11T11:02:19","slug":"tauffer-03","status":"publish","type":"page","link":"https:\/\/tauffer.hu\/?page_id=160","title":{"rendered":"Tauffer 03"},"content":{"rendered":"<p><b><i>A v\u00e1rand\u00f3sgondoz\u00e1s alatti gyakorlati probl\u00e9m\u00e1k<\/i><\/b>\u00a0<strong> &#8211; Tauffer 03 tov\u00e1bbk\u00e9pz\u00e9s<\/strong><\/p>\n<p>2013. december 14. &#8211; Semmelweis Egyetem Elm\u00e9leti Orvostudom\u00e1nyi K\u00f6zpont<\/p>\n<p>Tanfolyam nyilv\u00e1ntart\u00e1si sz\u00e1ma: 41146\/2013.\u00a0 Kreditpont \u00e9rt\u00e9k: 16<\/p>\n<!-- meta slider -->\n<div style=\"width: 100%; margin: 0 auto;\" class=\"metaslider metaslider-flex metaslider-267 ml-slider\">\n    <style type=\"text\/css\">\n        #metaslider_267.flexslider .slides li {margin-right: 5px !important;}\n    <\/style>\n    <div id=\"metaslider_container_267\">\n        <div id=\"metaslider_267\" class=\"flexslider\">\n            <ul class=\"slides\">\n                <li style=\"display: none;\"><img loading=\"lazy\" decoding=\"async\" src=\"https:\/\/tauffer.hu\/wp-content\/uploads\/2014\/04\/Aul\u00e1ban11-320x250.jpg\" height=\"250\" width=\"320\" class=\"slider-267 slide-268\" \/><div class=\"caption-wrap\"><div class=\"caption\">Alul\u00e1ban<\/div><\/div><\/li>\n                <li style=\"display: none;\"><img loading=\"lazy\" decoding=\"async\" src=\"https:\/\/tauffer.hu\/wp-content\/uploads\/2014\/04\/Aul\u00e1ban21-320x250.jpg\" height=\"250\" width=\"320\" class=\"slider-267 slide-269\" \/><div class=\"caption-wrap\"><div class=\"caption\">Aul\u00e1ban<\/div><\/div><\/li>\n                <li style=\"display: none;\"><img loading=\"lazy\" decoding=\"async\" src=\"https:\/\/tauffer.hu\/wp-content\/uploads\/2014\/04\/Aul\u00e1ban31-320x250.jpg\" height=\"250\" width=\"320\" class=\"slider-267 slide-270\" \/><div class=\"caption-wrap\"><div class=\"caption\">Aul\u00e1ban<\/div><\/div><\/li>\n                <li style=\"display: none;\"><img loading=\"lazy\" decoding=\"async\" src=\"https:\/\/tauffer.hu\/wp-content\/uploads\/2014\/04\/Eisberg-sal\u00e1ta11-320x250.jpg\" height=\"250\" width=\"320\" class=\"slider-267 slide-271\" \/><div class=\"caption-wrap\"><div class=\"caption\">Eisberg sal\u00e1ta<\/div><\/div><\/li>\n                <li style=\"display: none;\"><img loading=\"lazy\" decoding=\"async\" src=\"https:\/\/tauffer.hu\/wp-content\/uploads\/2014\/04\/Eisberg-sal\u00e1ta21-320x250.jpg\" height=\"250\" width=\"320\" class=\"slider-267 slide-272\" \/><div class=\"caption-wrap\"><div class=\"caption\">Eisberg sal\u00e1ta<\/div><\/div><\/li>\n                <li style=\"display: none;\"><img loading=\"lazy\" decoding=\"async\" src=\"https:\/\/tauffer.hu\/wp-content\/uploads\/2014\/04\/El\u0151ad\u00f3-teremben12-320x250.jpg\" height=\"250\" width=\"320\" class=\"slider-267 slide-273\" \/><div class=\"caption-wrap\"><div class=\"caption\">El\u0151ad\u00f3 teremben<\/div><\/div><\/li>\n                <li style=\"display: none;\"><img loading=\"lazy\" decoding=\"async\" src=\"https:\/\/tauffer.hu\/wp-content\/uploads\/2014\/04\/El\u0151ad\u00f3-teremben22-320x250.jpg\" height=\"250\" width=\"320\" class=\"slider-267 slide-274\" \/><div class=\"caption-wrap\"><div class=\"caption\">El\u0151ad\u00f3 teremben<\/div><\/div><\/li>\n                <li style=\"display: none;\"><img loading=\"lazy\" decoding=\"async\" src=\"https:\/\/tauffer.hu\/wp-content\/uploads\/2014\/04\/El\u0151ad\u00f3ink_Prof.-Dr.-Paulin-Ferenc1-320x250.jpg\" height=\"250\" width=\"320\" class=\"slider-267 slide-275\" \/><div class=\"caption-wrap\"><div class=\"caption\">El\u0151ad\u00f3ink - Prof. Dr. Paulin Ferenc<\/div><\/div><\/li>\n                <li style=\"display: none;\"><img loading=\"lazy\" decoding=\"async\" src=\"https:\/\/tauffer.hu\/wp-content\/uploads\/2014\/04\/Ki\u00e1ll\u00edt\u00f3ink_Epilar-System1-320x250.jpg\" height=\"250\" width=\"320\" class=\"slider-267 slide-276\" \/><div class=\"caption-wrap\"><div class=\"caption\">Ki\u00e1ll\u00edt\u00f3ink - Epilar System<\/div><\/div><\/li>\n                <li style=\"display: none;\"><img loading=\"lazy\" decoding=\"async\" src=\"https:\/\/tauffer.hu\/wp-content\/uploads\/2014\/04\/Tombola-j\u00e1t\u00e9k1-320x250.jpg\" height=\"250\" width=\"320\" class=\"slider-267 slide-277\" \/><div class=\"caption-wrap\"><div class=\"caption\">Tombolaj\u00e1t\u00e9k<\/div><\/div><\/li>\n                <li style=\"display: none;\"><img loading=\"lazy\" decoding=\"async\" src=\"https:\/\/tauffer.hu\/wp-content\/uploads\/2014\/04\/Tombola-j\u00e1t\u00e9k2-320x250.jpg\" height=\"250\" width=\"320\" class=\"slider-267 slide-278\" \/><div class=\"caption-wrap\"><div class=\"caption\">Tombolaj\u00e1t\u00e9k<\/div><\/div><\/li>\n                <li style=\"display: none;\"><img loading=\"lazy\" decoding=\"async\" src=\"https:\/\/tauffer.hu\/wp-content\/uploads\/2014\/04\/Vonalk\u00f3dos-bel\u00e9ptet\u00e9s-320x250.jpg\" height=\"250\" width=\"320\" class=\"slider-267 slide-279\" \/><div class=\"caption-wrap\"><div class=\"caption\">Vonalk\u00f3dos bel\u00e9ptet\u00e9s<\/div><\/div><\/li>\n            <\/ul>\n        <\/div>\n        \n    <\/div>\n    <script type=\"text\/javascript\">\n        var metaslider_267 = function($) {\n            $('#metaslider_267').flexslider({ \n                slideshowSpeed:1500,\n                animation:'slide',\n                controlNav:true,\n                directionNav:true,\n                pauseOnHover:true,\n                direction:'horizontal',\n                reverse:false,\n                animationSpeed:1500,\n                prevText:\"<\",\n                nextText:\">\",\n                easing:\"easeInOutSine\",\n                slideshow:false,\n                itemWidth:320,\n                minItems:1,\n                itemMargin:5,\n                useCSS:false\n            });\n        };\n        var timer_metaslider_267 = function() {\n            var slider = !window.jQuery ? window.setTimeout(timer_metaslider_267, 100) : !jQuery.isReady ? window.setTimeout(timer_metaslider_267, 100) : metaslider_267(window.jQuery);\n        };\n        timer_metaslider_267();\n    <\/script>\n<\/div>\n<!--\/\/ meta slider-->\n","protected":false},"excerpt":{"rendered":"<p>A v\u00e1rand\u00f3sgondoz\u00e1s alatti gyakorlati probl\u00e9m\u00e1k\u00a0 &#8211; Tauffer 03 tov\u00e1bbk\u00e9pz\u00e9s 2013. december 14. &#8211; Semmelweis Egyetem Elm\u00e9leti Orvostudom\u00e1nyi K\u00f6zpont Tanfolyam nyilv\u00e1ntart\u00e1si sz\u00e1ma: 41146\/2013.\u00a0 Kreditpont \u00e9rt\u00e9k: 16<\/p>\n","protected":false},"author":1,"featured_media":0,"parent":0,"menu_order":0,"comment_status":"closed","ping_status":"closed","template":"","meta":{"footnotes":""},"class_list":["post-160","page","type-page","status-publish","hentry"],"_links":{"self":[{"href":"https:\/\/tauffer.hu\/index.php?rest_route=\/wp\/v2\/pages\/160","targetHints":{"allow":["GET"]}}],"collection":[{"href":"https:\/\/tauffer.hu\/index.php?rest_route=\/wp\/v2\/pages"}],"about":[{"href":"https:\/\/tauffer.hu\/index.php?rest_route=\/wp\/v2\/types\/page"}],"author":[{"embeddable":true,"href":"https:\/\/tauffer.hu\/index.php?rest_route=\/wp\/v2\/users\/1"}],"replies":[{"embeddable":true,"href":"https:\/\/tauffer.hu\/index.php?rest_route=%2Fwp%2Fv2%2Fcomments&post=160"}],"version-history":[{"count":4,"href":"https:\/\/tauffer.hu\/index.php?rest_route=\/wp\/v2\/pages\/160\/revisions"}],"predecessor-version":[{"id":280,"href":"https:\/\/tauffer.hu\/index.php?rest_route=\/wp\/v2\/pages\/160\/revisions\/280"}],"wp:attachment":[{"href":"https:\/\/tauffer.hu\/index.php?rest_route=%2Fwp%2Fv2%2Fmedia&parent=160"}],"curies":[{"name":"wp","href":"https:\/\/api.w.org\/{rel}","templated":true}]}}