{"id":13,"date":"2014-04-02T12:49:32","date_gmt":"2014-04-02T12:49:32","guid":{"rendered":"http:\/\/tauffer.hu\/?page_id=13"},"modified":"2024-08-06T10:53:25","modified_gmt":"2024-08-06T10:53:25","slug":"jelentkezes","status":"publish","type":"page","link":"https:\/\/tauffer.hu\/?page_id=13","title":{"rendered":"Jelentkez\u00e9s"},"content":{"rendered":"<h3><strong><span style=\"color: #265428;\">Konferenci\u00e1inkra az al\u00e1bbiak szerint jelentkezhet:<\/span><br \/>\n<\/strong><\/h3>\n<p style=\"text-align: justify;\">1) T\u00f6ltse ki az aktu\u00e1lis, az \u00d6nnek k\u00fcld\u00f6tt h\u00edrlev\u00e9l csatolm\u00e1nyban vagy a honlapon tal\u00e1lhat\u00f3 jelentkez\u00e9si lapot.<\/p>\n<p style=\"text-align: justify;\">2) K\u00fcldje vissza kit\u00f6ltve a <a href=\"mailto:dr.MagOlga@tauffer.hu\">dr.MagOlga@tauffer.hu<\/a> email c\u00edmre, vagy a +36 26 549-035 faxsz\u00e1mra a jelentkez\u00e9si lapon megadott hat\u00e1rid\u0151ig. (Postac\u00edm is van: 2095 Pilissz\u00e1nt\u00f3, Kossuth L. u. 159.)<\/p>\n<p style=\"text-align: justify;\">Minden esetben n\u00e9h\u00e1ny napon bel\u00fcl visszajelezz\u00fck \u00d6nnek, hogy megkaptuk \u00e9s feldolgoztuk a jelentkez\u00e9s\u00e9t. A helyek bet\u00f6lt\u00e9s\u00e9ig tudjuk befogadni a jelentkez\u00e9seket. Ha 48 \u00f3r\u00e1n bel\u00fcl nem kap visszaigazol\u00e1st t\u0151l\u00fcnk, k\u00e9rem h\u00edvjon minket a k\u00f6vetkez\u0151 telefonsz\u00e1mon:\u00a0 +36 30 528-4749, vagy k\u00fcldj\u00f6n levelet a dr.magolga@tauffer.hu email c\u00edmre.<\/p>\n<p style=\"text-align: justify;\"><strong>Az Egy\u00fctt a Magyar Sz\u00fcl\u00e9szet\u00e9rt 2024. \u00dcnnepi Konferencia jelentkez\u00e9si lapjai :<\/strong><\/p>\n<p><a href=\"https:\/\/tauffer.hu\/wp-content\/uploads\/2024\/08\/Jelentkezesi_lap_Tauffer23_szakdolgozok.doc\"><strong>Jelentkez\u00e9si lap szakdolgoz\u00f3k sz\u00e1m\u00e1ra:<\/strong><\/a><\/p>\n<p><a href=\"https:\/\/tauffer.hu\/wp-content\/uploads\/2024\/08\/Jelentkezesi_lap_orvosok.doc\"><strong>J<\/strong><strong>elentkez\u00e9si lap orvosok sz\u00e1m\u00e1ra:<\/strong><\/a><\/p>\n<p>K\u00e9rj\u00fck, ha m\u00e1r jelentkezett \u00e9s el\u0151re nem l\u00e1that\u00f3 okok miatt m\u00e9gsem tud r\u00e9szt venni konferenci\u00e1nkon, miel\u0151bb jelezze, hogy m\u00e1soknak \u00e1tadhassuk a hely\u00e9t. K\u00f6sz\u00f6nj\u00fck.<\/p>\n<p><strong>Szeretettel v\u00e1rjuk rendezv\u00e9nyeinken!<\/strong><\/p>\n<p style=\"text-align: justify;\">\n","protected":false},"excerpt":{"rendered":"<p>Konferenci\u00e1inkra az al\u00e1bbiak szerint jelentkezhet: 1) T\u00f6ltse ki az aktu\u00e1lis, az \u00d6nnek k\u00fcld\u00f6tt h\u00edrlev\u00e9l csatolm\u00e1nyban vagy a honlapon tal\u00e1lhat\u00f3 jelentkez\u00e9si lapot. 2) K\u00fcldje vissza kit\u00f6ltve a dr.MagOlga@tauffer.hu email c\u00edmre, vagy a +36 26 549-035 faxsz\u00e1mra a jelentkez\u00e9si lapon megadott hat\u00e1rid\u0151ig. &hellip; <a href=\"https:\/\/tauffer.hu\/?page_id=13\">Continue reading <span class=\"meta-nav\">&rarr;<\/span><\/a><\/p>\n","protected":false},"author":1,"featured_media":0,"parent":0,"menu_order":0,"comment_status":"open","ping_status":"open","template":"","meta":{"footnotes":""},"class_list":["post-13","page","type-page","status-publish","hentry"],"_links":{"self":[{"href":"https:\/\/tauffer.hu\/index.php?rest_route=\/wp\/v2\/pages\/13","targetHints":{"allow":["GET"]}}],"collection":[{"href":"https:\/\/tauffer.hu\/index.php?rest_route=\/wp\/v2\/pages"}],"about":[{"href":"https:\/\/tauffer.hu\/index.php?rest_route=\/wp\/v2\/types\/page"}],"author":[{"embeddable":true,"href":"https:\/\/tauffer.hu\/index.php?rest_route=\/wp\/v2\/users\/1"}],"replies":[{"embeddable":true,"href":"https:\/\/tauffer.hu\/index.php?rest_route=%2Fwp%2Fv2%2Fcomments&post=13"}],"version-history":[{"count":125,"href":"https:\/\/tauffer.hu\/index.php?rest_route=\/wp\/v2\/pages\/13\/revisions"}],"predecessor-version":[{"id":1845,"href":"https:\/\/tauffer.hu\/index.php?rest_route=\/wp\/v2\/pages\/13\/revisions\/1845"}],"wp:attachment":[{"href":"https:\/\/tauffer.hu\/index.php?rest_route=%2Fwp%2Fv2%2Fmedia&parent=13"}],"curies":[{"name":"wp","href":"https:\/\/api.w.org\/{rel}","templated":true}]}}

Jelentkezés

<h3><strong><span style="color: #265428;">Konferenciáinkra az alábbiak szerint jelentkezhet:</span><br />
</strong></h3>
<p style="text-align: justify;">1) Töltse ki az aktuális, az Önnek küldött hírlevél csatolmányban vagy a honlapon található jelentkezési lapot.</p>
<p style="text-align: justify;">2) Küldje vissza kitöltve a <a href="mailto:dr.MagOlga@tauffer.hu">dr.MagOlga@tauffer.hu</a> email címre, vagy a +36 26 549-035 faxszámra a jelentkezési lapon megadott határidőig. (Postacím is van: 2095 Pilisszántó, Kossuth L. u. 159.)</p>
<p style="text-align: justify;">Minden esetben néhány napon belül visszajelezzük Önnek, hogy megkaptuk és feldolgoztuk a jelentkezését. A helyek betöltéséig tudjuk befogadni a jelentkezéseket. Ha 48 órán belül nem kap visszaigazolást tőlünk, kérem hívjon minket a következő telefonszámon:  +36 30 528-4749, vagy küldjön levelet a dr.magolga@tauffer.hu email címre.</p>
<p style="text-align: justify;"><strong>Az Együtt a Magyar Szülészetért 2024. Ünnepi Konferencia jelentkezési lapjai :</strong></p>
<p><a href="https://tauffer.hu/wp-content/uploads/2024/08/Jelentkezesi_lap_Tauffer23_szakdolgozok.doc"><strong>Jelentkezési lap szakdolgozók számára:</strong></a></p>
<p><a href="https://tauffer.hu/wp-content/uploads/2024/08/Jelentkezesi_lap_orvosok.doc"><strong>J</strong><strong>elentkezési lap orvosok számára:</strong></a></p>
<p>Kérjük, ha már jelentkezett és előre nem látható okok miatt mégsem tud részt venni konferenciánkon, mielőbb jelezze, hogy másoknak átadhassuk a helyét. Köszönjük.</p>
<p><strong>Szeretettel várjuk rendezvényeinken!</strong></p>
<p style="text-align: justify;">

<p>Konferenciáinkra az alábbiak szerint jelentkezhet: 1) Töltse ki az aktuális, az Önnek küldött hírlevél csatolmányban vagy a honlapon található jelentkezési lapot. 2) Küldje vissza kitöltve a dr.MagOlga@tauffer.hu email címre, vagy a +36 26 549-035 faxszámra a jelentkezési lapon megadott határidőig. &hellip; <a href="https://tauffer.hu/?page_id=13">Continue reading <span class="meta-nav">&rarr;</span></a></p>
