{"id":1293,"date":"2020-03-03T13:36:50","date_gmt":"2020-03-03T13:36:50","guid":{"rendered":"https:\/\/tauffer.hu\/?page_id=1293"},"modified":"2020-03-03T14:51:56","modified_gmt":"2020-03-03T14:51:56","slug":"tauffer-2019","status":"publish","type":"page","link":"https:\/\/tauffer.hu\/?page_id=1293","title":{"rendered":"Tauffer 2019."},"content":{"rendered":"<ul>\n<li><strong><span style=\"color: #339966;\">Tauffer 18<\/span><\/strong> <a title=\"Tauffer 18\" href=\"https:\/\/tauffer.hu\/?page_id=1158\">V\u00e1rand\u00f3ss\u00e1g \u00e9s Sz\u00fcl\u00e9s 2019. &#8211; Az \u00e9let els\u0151 napjai<\/a><\/li>\n<\/ul>\n<p><span style=\"text-decoration: underline;\">Helysz\u00edn:<\/span> Europa Congress Center; Id\u0151pont: 2019. m\u00e1rcius 8.<\/p>\n<ul>\n<li><strong><span style=\"color: #339966;\">Tauffer 19<\/span><\/strong> <a title=\"Tauffer 19.\" href=\"https:\/\/tauffer.hu\/?page_id=1279\">V\u00e1rand\u00f3sgondoz\u00e1s, Sz\u00fcl\u00e9s, Csecsem\u0151kor &#8211; Gyakran felmer\u00fcl\u0151 k\u00e9rd\u00e9sek<\/a><\/li>\n<\/ul>\n<p><span style=\"text-decoration: underline;\">Helysz\u00edn:<\/span> Duna Palota; Id\u0151pont: 2019. december 13.<\/p>\n","protected":false},"excerpt":{"rendered":"<p>Tauffer 18 V\u00e1rand\u00f3ss\u00e1g \u00e9s Sz\u00fcl\u00e9s 2019. &#8211; Az \u00e9let els\u0151 napjai Helysz\u00edn: Europa Congress Center; Id\u0151pont: 2019. m\u00e1rcius 8. Tauffer 19 V\u00e1rand\u00f3sgondoz\u00e1s, Sz\u00fcl\u00e9s, Csecsem\u0151kor &#8211; Gyakran felmer\u00fcl\u0151 k\u00e9rd\u00e9sek Helysz\u00edn: Duna Palota; Id\u0151pont: 2019. december 13.<\/p>\n","protected":false},"author":1,"featured_media":0,"parent":0,"menu_order":0,"comment_status":"closed","ping_status":"closed","template":"","meta":{"footnotes":""},"class_list":["post-1293","page","type-page","status-publish","hentry"],"_links":{"self":[{"href":"https:\/\/tauffer.hu\/index.php?rest_route=\/wp\/v2\/pages\/1293","targetHints":{"allow":["GET"]}}],"collection":[{"href":"https:\/\/tauffer.hu\/index.php?rest_route=\/wp\/v2\/pages"}],"about":[{"href":"https:\/\/tauffer.hu\/index.php?rest_route=\/wp\/v2\/types\/page"}],"author":[{"embeddable":true,"href":"https:\/\/tauffer.hu\/index.php?rest_route=\/wp\/v2\/users\/1"}],"replies":[{"embeddable":true,"href":"https:\/\/tauffer.hu\/index.php?rest_route=%2Fwp%2Fv2%2Fcomments&post=1293"}],"version-history":[{"count":11,"href":"https:\/\/tauffer.hu\/index.php?rest_route=\/wp\/v2\/pages\/1293\/revisions"}],"predecessor-version":[{"id":1305,"href":"https:\/\/tauffer.hu\/index.php?rest_route=\/wp\/v2\/pages\/1293\/revisions\/1305"}],"wp:attachment":[{"href":"https:\/\/tauffer.hu\/index.php?rest_route=%2Fwp%2Fv2%2Fmedia&parent=1293"}],"curies":[{"name":"wp","href":"https:\/\/api.w.org\/{rel}","templated":true}]}}