{"id":1200,"date":"2019-07-15T08:44:00","date_gmt":"2019-07-15T08:44:00","guid":{"rendered":"https:\/\/tauffer.hu\/?page_id=1200"},"modified":"2020-03-03T14:50:42","modified_gmt":"2020-03-03T14:50:42","slug":"tauffer-2018","status":"publish","type":"page","link":"https:\/\/tauffer.hu\/?page_id=1200","title":{"rendered":"Tauffer 2018."},"content":{"rendered":"<ul>\n<li><span style=\"color: #339966;\">Tauffer 16<\/span><strong><span style=\"color: #339966;\">\u00a0 <a title=\"Tauffer 16\" href=\"https:\/\/tauffer.hu\/?page_id=1206\"><span style=\"color: #000000;\">V\u00e1rand\u00f3ss\u00e1g \u00e9s Sz\u00fcl\u00e9s\u00a02018.<\/span><\/a><\/span><\/strong><\/li>\n<\/ul>\n<p><span style=\"text-decoration: underline;\">Helysz\u00edn:\u00a0<\/span>Europa Congress Center<\/p>\n<ul>\n<li><span style=\"color: #339966;\">Tauffer 17<\/span> <span style=\"color: #000000;\"><a style=\"color: #000000;\" title=\"Tauffer 17\" href=\"https:\/\/tauffer.hu\/?page_id=1046\"><strong>Csal\u00e1dbar\u00e1t Sz\u00fcl\u00e9szet \u00e9s Komplex V\u00e1rand\u00f3sgondoz\u00e1s 2018.<\/strong><\/a><\/span><\/li>\n<\/ul>\n<p><span style=\"text-decoration: underline;\">Helysz\u00edn:<\/span> J\u00f3zsef Attila M\u0171vel\u0151d\u00e9si K\u00f6zpont<\/p>\n","protected":false},"excerpt":{"rendered":"<p>Tauffer 16\u00a0 V\u00e1rand\u00f3ss\u00e1g \u00e9s Sz\u00fcl\u00e9s\u00a02018. Helysz\u00edn:\u00a0Europa Congress Center Tauffer 17 Csal\u00e1dbar\u00e1t Sz\u00fcl\u00e9szet \u00e9s Komplex V\u00e1rand\u00f3sgondoz\u00e1s 2018. Helysz\u00edn: J\u00f3zsef Attila M\u0171vel\u0151d\u00e9si K\u00f6zpont<\/p>\n","protected":false},"author":1,"featured_media":0,"parent":0,"menu_order":0,"comment_status":"closed","ping_status":"closed","template":"","meta":{"footnotes":""},"class_list":["post-1200","page","type-page","status-publish","hentry"],"_links":{"self":[{"href":"https:\/\/tauffer.hu\/index.php?rest_route=\/wp\/v2\/pages\/1200","targetHints":{"allow":["GET"]}}],"collection":[{"href":"https:\/\/tauffer.hu\/index.php?rest_route=\/wp\/v2\/pages"}],"about":[{"href":"https:\/\/tauffer.hu\/index.php?rest_route=\/wp\/v2\/types\/page"}],"author":[{"embeddable":true,"href":"https:\/\/tauffer.hu\/index.php?rest_route=\/wp\/v2\/users\/1"}],"replies":[{"embeddable":true,"href":"https:\/\/tauffer.hu\/index.php?rest_route=%2Fwp%2Fv2%2Fcomments&post=1200"}],"version-history":[{"count":6,"href":"https:\/\/tauffer.hu\/index.php?rest_route=\/wp\/v2\/pages\/1200\/revisions"}],"predecessor-version":[{"id":1306,"href":"https:\/\/tauffer.hu\/index.php?rest_route=\/wp\/v2\/pages\/1200\/revisions\/1306"}],"wp:attachment":[{"href":"https:\/\/tauffer.hu\/index.php?rest_route=%2Fwp%2Fv2%2Fmedia&parent=1200"}],"curies":[{"name":"wp","href":"https:\/\/api.w.org\/{rel}","templated":true}]}}